{"id":6904,"date":"2024-03-14T11:00:32","date_gmt":"2024-03-14T10:00:32","guid":{"rendered":"http:\/\/cirnef.normandie-univ.fr\/?page_id=6904"},"modified":"2025-05-14T10:31:49","modified_gmt":"2025-05-14T08:31:49","slug":"lydia-deret","status":"publish","type":"page","link":"https:\/\/cirnef.normandie-univ.fr\/?page_id=6904","title":{"rendered":"Lydia Deret"},"content":{"rendered":"\n\n\t<h2>Identit\u00e9<\/h2>\n<h4>Lydia DERET<\/h4>\n<p>Email : deret.lydia@orange.fr<\/p>\n\t\t\t\t<a href=\"https:\/\/cirnef.normandie-univ.fr\/wp-content\/uploads\/2024\/05\/Photo-pour-CIRNEF-scaled.jpg\" target=\"_self\" itemprop=\"url\">\n\t\t\t\t<img loading=\"lazy\" decoding=\"async\" src=\"https:\/\/cirnef.normandie-univ.fr\/wp-content\/uploads\/2024\/05\/Photo-pour-CIRNEF-scaled.jpg\" alt=\"Photo pour CIRNEF\" itemprop=\"image\" height=\"2560\" width=\"2013\" title=\"Photo pour CIRNEF\" onerror=\"this.style.display='none'\"  \/>\n\t\t\t\t<\/a>\n\t<h5>Mots cl\u00e9s :<\/h5>\n<h5>Didactique professionnelle, interactions langagi\u00e8res, savoir-agir professionnels, enseignants, entra\u00eeneurs de haut niveau.<\/h5>\n<blockquote><p>&nbsp;<\/p><\/blockquote>\n\t\t\t<a href=\"#\" id=\"fl-accordion--label-0\" tabindex=\"0\" aria-controls=\"fl-accordion--panel-0\">Pr\u00e9sentation<\/a>\n\t\t\t\t\t\t\t<a href=\"#\" id=\"fl-accordion--icon-0\" tabindex=\"0\" aria-controls=\"fl-accordion--panel-0\"><i>Collapse<\/i><\/a>\n\t\t<p>Aujourd&rsquo;hui retrait\u00e9e de l&rsquo;\u00e9ducation nationale, j&rsquo;ai occup\u00e9 les fonctions de formatrice, inspectrice premier degr\u00e9 et adjointe \u00e0 l&rsquo;inspectrice d&rsquo;acad\u00e9mie de la Manche. Parall\u00e8lement \u00e0 cette carri\u00e8re professionnelle, j&rsquo;ai poursuivi un parcours universitaire jusqu&rsquo;\u00e0 l&rsquo;obtention de mon doctorat en sciences de l&rsquo;\u00e9ducation et de la formation au sein du laboratoire CIRNEF, sous la direction de Thierry Piot.<\/p>\n<p>Mes travaux portent essentiellement sur la professionnalit\u00e9 des enseignants et l&rsquo;analyse de leur activit\u00e9, plus particuli\u00e8rement langagi\u00e8re. Je les diffuse plus particuli\u00e8rement dans le cadre de formations de formateurs.<\/p>\n<p>Rattach\u00e9e au th\u00e8me 4, je suis actuellement impliqu\u00e9e dans la recherche sur la captation et la capitalisation des cl\u00e9s de performance des entra\u00eeneurs de haut niveau, effectu\u00e9e en partenariat avec l&rsquo;INSEP et EDF. Cette recherche ouvre la possibilit\u00e9 d&rsquo;une mise en parall\u00e8le des deux mondes\u00a0: celui du haut niveau sportif et celui des acteurs experts de l&rsquo;\u00c9ducation Nationale.<\/p>\n<p>Titre de la th\u00e8se\u00a0: Les savoir agir langagiers professionnels des enseignants d\u00e9butants.<\/p>\n<p>Sous la direction de Thierry Piot<\/p>\n<p>Jury\u00a0:<\/p>\n<p>Marguerite Altet, Professeure des universit\u00e9s, Universit\u00e9 de Nantes, Rapporteur.<\/p>\n<p>Martine Jaubert, Professeure des universit\u00e9s, Universit\u00e9 de Bordeaux, Rapporteur.<\/p>\n<p>Florian Ouitre, Ma\u00eetre de Conf\u00e9rences, Universit\u00e9 de Caen Normandie, Examinateur.<\/p>\n<p>Alain Rabatel, Professeur des universit\u00e9s, Universit\u00e9 de Lyon1 Claude Bernard, Pr\u00e9sident.<\/p>\n<p>Thierry Piot, Professeur des universit\u00e9s, Universit\u00e9 de Caen Normandie, Directeur de th\u00e8se<\/p>\n\t\t\t<a href=\"#\" id=\"fl-accordion--label-1\" tabindex=\"0\" aria-controls=\"fl-accordion--panel-1\">Publications r\u00e9centes<\/a>\n\t\t\t\t\t\t\t<a href=\"#\" id=\"fl-accordion--icon-1\" tabindex=\"0\" aria-controls=\"fl-accordion--panel-1\"><i>Expand<\/i><\/a>\n\t\t<p>Deret, L. (2015). Tensions dans le m\u00e9tier d&rsquo;inspecteur. Quelles comp\u00e9tences, quelles identit\u00e9s\u00a0? In Bodergat, J.Y. &amp; Buznic-Bourgeacq, P. (dir), <em>Des professionnalit\u00e9s sous tension<\/em>. (pp. 253-261), Bruxelles\u00a0: De Boeck<\/p>\n\t\t\t<a href=\"#\" id=\"fl-accordion--label-2\" tabindex=\"0\" aria-controls=\"fl-accordion--panel-2\">Communications<\/a>\n\t\t\t\t\t\t\t<a href=\"#\" id=\"fl-accordion--icon-2\" tabindex=\"0\" aria-controls=\"fl-accordion--panel-2\"><i>Expand<\/i><\/a>\n\t\t<p>Ouitre F., Delattre B., Deret L. &amp; Le Coller V. (2023). Penser et mod\u00e9liser l&rsquo;activit\u00e9 des entraineurs de tr\u00e8s haute performance et des chefs de projet pour en rendre compte en toute simplexit\u00e9. Symposium Symposium 3 &#8211; Axe 1 &#8211; Colloque Faire r\u00e9sultat(s) dans les recherches en \u00e9ducation\u00a0; Pourquoi ? Avec qui\u00a0? Comment ? Toulouse, 5-7 juin 2023<\/p>\n<p>Ouitre F., Delattre B., Deret L. &amp; Le Coller V. (2022).\u00a0<em>Vers une mod\u00e9lisation de l&rsquo;activit\u00e9 des entra\u00eeneurs de tr\u00e8s haute performance.\u00a0<\/em>Symposium Axe 3 n\u00b02<em>\u00a0&#8211;\u00a0<\/em>Colloque Les enjeux des jeux, Montpellier, 12-15 d\u00e9cembre 2022<\/p>\n<p>Deret L., (2021). Les savoir-agir-langagiers-professionnels des enseignants d\u00e9butants, instrument d&rsquo;intervention et objet de formation. Colloque l&rsquo;\u00e9cole primaire du 21<sup>\u00e8me<\/sup> si\u00e8cle. Cergy-Pontoise du 12 au 14 octobre 2021.<\/p>\n<p>Deret L., (2015) Interactions langagi\u00e8res et d\u00e9veloppement professionnel des enseignants n\u00e9o-titulaires, journ\u00e9e d&rsquo;\u00e9tude de l&rsquo;ESPE de Nantes, 12 juin 2015.<\/p>\n<p>Deret L., (2015). L&rsquo;engagement en \u00e9ducation et en formation, journ\u00e9es scientifiques du CERSE, 25 et 26 f\u00e9vrier 2015, participation \u00e0 la table ronde.<\/p>\n<p>Deret L., (2014). Le d\u00e9veloppement professionnel des enseignants d\u00e9butants\u00a0: \u00e9tude du discours en interaction dans la classe, usage du langage et processus de professionnalisation \u00e0 l&rsquo;entr\u00e9e dans le m\u00e9tier. Troisi\u00e8me colloque international de didactique professionnelle, Caen, 28 et 29 octobre 2014.<\/p>\n<p>&nbsp;<\/p>\n<p>&nbsp;<\/p>\n<p>&nbsp;<\/p>\n<p>&nbsp;<\/p>\n<p>&nbsp;<\/p>\n\n","protected":false},"excerpt":{"rendered":"<p>Identit\u00e9 Lydia DERET Email : deret.lydia@orange.fr Mots cl\u00e9s : Didactique professionnelle, interactions langagi\u00e8res, savoir-agir professionnels, enseignants, entra\u00eeneurs de haut niveau. &nbsp; Pr\u00e9sentation Collapse Aujourd&rsquo;hui retrait\u00e9e de l&rsquo;\u00e9ducation nationale, j&rsquo;ai occup\u00e9 les fonctions de formatrice, inspectrice premier degr\u00e9 et adjointe \u00e0 l&rsquo;inspectrice d&rsquo;acad\u00e9mie de la Manche. Parall\u00e8lement \u00e0 cette carri\u00e8re professionnelle, j&rsquo;ai poursuivi un parcours universitaire &hellip;<\/p>\n<p class=\"read-more\"> <a class=\"\" href=\"https:\/\/cirnef.normandie-univ.fr\/?page_id=6904\"> <span class=\"screen-reader-text\">Lydia Deret<\/span> Lire la suite \u00bb<\/a><\/p>\n","protected":false},"author":160,"featured_media":0,"parent":0,"menu_order":0,"comment_status":"closed","ping_status":"closed","template":"","meta":{"site-sidebar-layout":"default","site-content-layout":"default","ast-global-header-display":"","ast-main-header-display":"","ast-hfb-above-header-display":"","ast-hfb-below-header-display":"","ast-hfb-mobile-header-display":"","site-post-title":"","ast-breadcrumbs-content":"","ast-featured-img":"","footer-sml-layout":"","theme-transparent-header-meta":"","adv-header-id-meta":"","stick-header-meta":"","header-above-stick-meta":"","header-main-stick-meta":"","header-below-stick-meta":"","footnotes":""},"coauthors":[],"class_list":["post-6904","page","type-page","status-publish","hentry"],"_links":{"self":[{"href":"https:\/\/cirnef.normandie-univ.fr\/index.php?rest_route=\/wp\/v2\/pages\/6904","targetHints":{"allow":["GET"]}}],"collection":[{"href":"https:\/\/cirnef.normandie-univ.fr\/index.php?rest_route=\/wp\/v2\/pages"}],"about":[{"href":"https:\/\/cirnef.normandie-univ.fr\/index.php?rest_route=\/wp\/v2\/types\/page"}],"author":[{"embeddable":true,"href":"https:\/\/cirnef.normandie-univ.fr\/index.php?rest_route=\/wp\/v2\/users\/160"}],"replies":[{"embeddable":true,"href":"https:\/\/cirnef.normandie-univ.fr\/index.php?rest_route=%2Fwp%2Fv2%2Fcomments&post=6904"}],"version-history":[{"count":1,"href":"https:\/\/cirnef.normandie-univ.fr\/index.php?rest_route=\/wp\/v2\/pages\/6904\/revisions"}],"predecessor-version":[{"id":7788,"href":"https:\/\/cirnef.normandie-univ.fr\/index.php?rest_route=\/wp\/v2\/pages\/6904\/revisions\/7788"}],"wp:attachment":[{"href":"https:\/\/cirnef.normandie-univ.fr\/index.php?rest_route=%2Fwp%2Fv2%2Fmedia&parent=6904"}],"wp:term":[{"taxonomy":"author","embeddable":true,"href":"https:\/\/cirnef.normandie-univ.fr\/index.php?rest_route=%2Fwp%2Fv2%2Fcoauthors&post=6904"}],"curies":[{"name":"wp","href":"https:\/\/api.w.org\/{rel}","templated":true}]}}