{"id":5462,"date":"2022-04-08T10:40:21","date_gmt":"2022-04-08T08:40:21","guid":{"rendered":"http:\/\/cirnef.normandie-univ.fr\/?page_id=5462"},"modified":"2025-05-14T14:12:33","modified_gmt":"2025-05-14T12:12:33","slug":"margarita-lopez-mendez","status":"publish","type":"page","link":"https:\/\/cirnef.normandie-univ.fr\/?page_id=5462","title":{"rendered":"Margarita Lopez Mendez"},"content":{"rendered":"\n\n\t<h2>Identit\u00e9<\/h2>\n<h4>Margarita LOPEZ MENDEZ<\/h4>\nCIRNEF UR 7454<br \/>\nUniversit\u00e9 de Caen Normandie\n<p>Email : <a href=\"mailto:margarita.lopez-mendez@unicaen.fr\" target=\"_blank\" rel=\"noopener\">margarita.lopez-mendez@unicaen.fr<\/a><\/p>\n\t<h2>Informations<\/h2>\nInscrit en th\u00e8se depuis : 2019<br \/>\nLangue(s) pratiqu\u00e9e(s) : Fran\u00e7ais, espagnol et anglais\n<p>Th\u00e8me de rattachement : Formation d&rsquo;enseignant.e.s en Afrique subsaharienne<\/p>\n<p>Titre de la th\u00e8se :<\/p>\n<p><strong>Recherche-intervention\u00a0: P\u00e9dagogie active et num\u00e9rique et formation des enseignants du secondaire en Afrique subsaharienne,\u00a0 le cas de la R\u00e9publique du Congo<\/strong><\/p>\n<p>Directeur de th\u00e8se : Jacques B\u00e9ziat<\/p>\n<p>&nbsp;<\/p>\n\t\t\t\t<img decoding=\"async\" src=\"https:\/\/cirnef.normandie-univ.fr\/wp-content\/plugins\/bb-plugin\/img\/pixel.png\" alt=\"\" itemprop=\"image\" onerror=\"this.style.display='none'\"  \/>\n\t\t\t<a href=\"#\" id=\"fl-accordion--label-0\" tabindex=\"0\" aria-controls=\"fl-accordion--panel-0\">Pr\u00e9sentation du projet de th\u00e8se<\/a>\n\t\t\t\t\t\t\t<a href=\"#\" id=\"fl-accordion--icon-0\" tabindex=\"0\" aria-controls=\"fl-accordion--panel-0\"><i>Collapse<\/i><\/a>\n\t\t<p>&nbsp;<\/p>\n<p>&nbsp;<\/p>\n<h4>Mots-cl\u00e9s<\/h4>\n<blockquote><p>&nbsp;<\/p><\/blockquote>\n\t\t\t<a href=\"#\" id=\"fl-accordion--label-1\" tabindex=\"0\" aria-controls=\"fl-accordion--panel-1\">Publications<\/a>\n\t\t\t\t\t\t\t<a href=\"#\" id=\"fl-accordion--icon-1\" tabindex=\"0\" aria-controls=\"fl-accordion--panel-1\"><i>Expand<\/i><\/a>\n\t\tArticle : L\u00f3pez Mendez,<br \/>\nMargarita.\u00a0\u00bbConstruction<br \/>\nd\u00e9terministe du personnage<br \/>\nf\u00e9minin chez \u00c9mile Zola et Miguel<br \/>\nde Carri\u00f3n\u00a0\u00bb. Literatura: teor\u00eda,<br \/>\nhistoria, cr\u00edtica, vol. 21, n\u00fam. 1,<br \/>\n2019, p\u00e1gs. 93-115. Art\u00edculo<br \/>\noriginal. Re\u00e7u le 03\/12\/17; valid\u00e9<br \/>\nle: 25\/05\/18. Publi\u00e9 en ligne le:<br \/>\n01\/01\/19. 0123-5931-lthc-21-01-<br \/>\n93.pdf (scielo.org.co)<br \/>\nRoman (traduction), roman<br \/>\ntraduit du fran\u00e7ais en espagnol<br \/>\nTitre original : Et le mort se mit \u00e0<br \/>\nparler par Pierre B\u00e9guin, \u00e9crivain<br \/>\nsuisse. Titre en espagnol : Joselito<br \/>\nCarnaval.<br \/>\nhttps:\/\/silaba.com.co\/sitio_libro\/jo<br \/>\nselito-carnaval\/<br \/>\nCollection Trazos y S\u00edlabas<br \/>\nISBN: 978-958-5516-10-6<br \/>\nPubli\u00e9 en Marzo de 2019\n\t\t\t<a href=\"#\" id=\"fl-accordion--label-2\" tabindex=\"0\" aria-controls=\"fl-accordion--panel-2\">Communications<\/a>\n\t\t\t\t\t\t\t<a href=\"#\" id=\"fl-accordion--icon-2\" tabindex=\"0\" aria-controls=\"fl-accordion--panel-2\"><i>Expand<\/i><\/a>\n\t\t-Communication au 18e colloque de l&rsquo;AFDECE (Association fran\u00e7aise<br \/>\nd\u00b4\u00e9ducation compar\u00e9e et des \u00e9changes) \u00e0 l&rsquo;Universit\u00e9 du Pays<br \/>\nBasque\/ Euskal Herriko Unibertsitatea \u00e0 San Sebastian, Espagne du<br \/>\n28 au 29 octobre 2021. Titre de la communication : De l&rsquo;\u00e9ducation<br \/>\nprimaire universelle (OMD2) \u00e0 une \u00e9ducation de qualit\u00e9 pour tous et<br \/>\ntoutes (ODD4), le cas de l&rsquo;Afrique subsaharienne<br \/>\nCommunication pr\u00e9sent\u00e9e au 8\u00e8me Colloque international en<br \/>\n\u00e9ducation CRIFPE au Canada tenu \u00e0 distance le 29 avril 2021. Titre<br \/>\nde la communication : \u00ab Projet REAL : R\u00e9seau d&rsquo;\u00c9ducation pour<br \/>\nune Afrique Leader et la formation des enseignants en p\u00e9dagogie<br \/>\nactive et num\u00e9rique en R\u00e9publique du Congo<br \/>\nParticipation au concours \u00ab\u00a0ma th\u00e8se en 3 minutes\u00a0\u00bb au 8e Colloque<br \/>\ninternational en \u00e9ducation CRIFPE au Canada tenu \u00e0 distance le 30<br \/>\navril 2021. Prix du public remport\u00e9.<br \/>\nParticipation aux Ateliers Citoyens Congolais comme intervenante.<br \/>\nTh\u00e9matique : Etat de lieu et perspectives sur le syst\u00e8me \u00e9ducatif<br \/>\ncongolais\n\t\t\t<a href=\"#\" id=\"fl-accordion--label-3\" tabindex=\"0\" aria-controls=\"fl-accordion--panel-3\">Collaborations<\/a>\n\t\t\t\t\t\t\t<a href=\"#\" id=\"fl-accordion--icon-3\" tabindex=\"0\" aria-controls=\"fl-accordion--panel-3\"><i>Expand<\/i><\/a>\n\t\t\t<a href=\"#\" id=\"fl-accordion--label-4\" tabindex=\"0\" aria-controls=\"fl-accordion--panel-4\">Cours dispens\u00e9s<\/a>\n\t\t\t\t\t\t\t<a href=\"#\" id=\"fl-accordion--icon-4\" tabindex=\"0\" aria-controls=\"fl-accordion--panel-4\"><i>Expand<\/i><\/a>\n\t\t\t<a href=\"#\" id=\"fl-accordion--label-5\" tabindex=\"0\" aria-controls=\"fl-accordion--panel-5\">Prix, bourses, etc&#8230;<\/a>\n\t\t\t\t\t\t\t<a href=\"#\" id=\"fl-accordion--icon-5\" tabindex=\"0\" aria-controls=\"fl-accordion--panel-5\"><i>Expand<\/i><\/a>\n\t\tBourse octroy\u00e9e par la<br \/>\nAssociation fran\u00e7aise des femmes<br \/>\ndipl\u00f4m\u00e9es des universit\u00e9s<br \/>\n(AFFDU), janvier 2022<br \/>\nAide \u00e0 la mobilit\u00e9 internationale,<br \/>\n\u00e9cole doctorale, novembre 2021<br \/>\nPrix du public ; Ma th\u00e8se en 3 min<br \/>\n, concours \u00e0 distance organis\u00e9<br \/>\ndans le cadre du 8\u00e8me Colloque<br \/>\ninternational en \u00e9ducation<br \/>\nCRIFPE au Canada<br \/>\nBourse Colfuturo (Colombie),<br \/>\nobtenue en 2014 pour une dur\u00e9e<br \/>\nde deux ans<br \/>\nBourse universit\u00e9 del Atlantico<br \/>\n(Colombie), obtenue en 2014<br \/>\npour une dur\u00e9e de deux ans\n\n","protected":false},"excerpt":{"rendered":"<p>Identit\u00e9 Margarita LOPEZ MENDEZ CIRNEF UR 7454 Universit\u00e9 de Caen Normandie Email : margarita.lopez-mendez@unicaen.fr Informations Inscrit en th\u00e8se depuis : 2019 Langue(s) pratiqu\u00e9e(s) : Fran\u00e7ais, espagnol et anglais Th\u00e8me de rattachement : Formation d&rsquo;enseignant.e.s en Afrique subsaharienne Titre de la th\u00e8se : Recherche-intervention\u00a0: P\u00e9dagogie active et num\u00e9rique et formation des enseignants du secondaire en Afrique &hellip;<\/p>\n<p class=\"read-more\"> <a class=\"\" href=\"https:\/\/cirnef.normandie-univ.fr\/?page_id=5462\"> <span class=\"screen-reader-text\">Margarita Lopez Mendez<\/span> Lire la suite \u00bb<\/a><\/p>\n","protected":false},"author":150,"featured_media":0,"parent":0,"menu_order":0,"comment_status":"closed","ping_status":"closed","template":"","meta":{"site-sidebar-layout":"default","site-content-layout":"default","ast-global-header-display":"","ast-main-header-display":"","ast-hfb-above-header-display":"","ast-hfb-below-header-display":"","ast-hfb-mobile-header-display":"","site-post-title":"","ast-breadcrumbs-content":"","ast-featured-img":"","footer-sml-layout":"","theme-transparent-header-meta":"","adv-header-id-meta":"","stick-header-meta":"","header-above-stick-meta":"","header-main-stick-meta":"","header-below-stick-meta":"","footnotes":""},"coauthors":[],"class_list":["post-5462","page","type-page","status-publish","hentry"],"_links":{"self":[{"href":"https:\/\/cirnef.normandie-univ.fr\/index.php?rest_route=\/wp\/v2\/pages\/5462","targetHints":{"allow":["GET"]}}],"collection":[{"href":"https:\/\/cirnef.normandie-univ.fr\/index.php?rest_route=\/wp\/v2\/pages"}],"about":[{"href":"https:\/\/cirnef.normandie-univ.fr\/index.php?rest_route=\/wp\/v2\/types\/page"}],"author":[{"embeddable":true,"href":"https:\/\/cirnef.normandie-univ.fr\/index.php?rest_route=\/wp\/v2\/users\/150"}],"replies":[{"embeddable":true,"href":"https:\/\/cirnef.normandie-univ.fr\/index.php?rest_route=%2Fwp%2Fv2%2Fcomments&post=5462"}],"version-history":[{"count":1,"href":"https:\/\/cirnef.normandie-univ.fr\/index.php?rest_route=\/wp\/v2\/pages\/5462\/revisions"}],"predecessor-version":[{"id":7815,"href":"https:\/\/cirnef.normandie-univ.fr\/index.php?rest_route=\/wp\/v2\/pages\/5462\/revisions\/7815"}],"wp:attachment":[{"href":"https:\/\/cirnef.normandie-univ.fr\/index.php?rest_route=%2Fwp%2Fv2%2Fmedia&parent=5462"}],"wp:term":[{"taxonomy":"author","embeddable":true,"href":"https:\/\/cirnef.normandie-univ.fr\/index.php?rest_route=%2Fwp%2Fv2%2Fcoauthors&post=5462"}],"curies":[{"name":"wp","href":"https:\/\/api.w.org\/{rel}","templated":true}]}}