{"id":4690,"date":"2021-05-10T14:51:10","date_gmt":"2021-05-10T12:51:10","guid":{"rendered":"http:\/\/cirnef.normandie-univ.fr\/?page_id=4690"},"modified":"2025-05-14T11:12:33","modified_gmt":"2025-05-14T09:12:33","slug":"benjamin-delattre","status":"publish","type":"page","link":"https:\/\/cirnef.normandie-univ.fr\/?page_id=4690","title":{"rendered":"Benjamin Delattre"},"content":{"rendered":"\n\n\t<h2>Identit\u00e9<\/h2>\n<h4>Benjamin DELATTRE<\/h4>\n<p>Adresse :<\/p>\n<p>Universit\u00e9 de Caen Normandie<\/p>\nINSPE Normandie Caen<br \/>\n186 rue de la D\u00e9livrande<br \/>\n14032 CAEN CEDEX\n<p>Email : <a href=\"mailto:%20benjamin.delattre@unicaen.fr\">benjamin.delattre@unicaen.fr<\/a><\/p>\n\t\t\t\t<a href=\"https:\/\/cirnef.normandie-univ.fr\/wp-content\/uploads\/2023\/12\/Photo-B.-Delattre-copie.jpg\" target=\"_self\" itemprop=\"url\">\n\t\t\t\t<img decoding=\"async\" src=\"http:\/\/cirnef.normandie-univ.fr\/wp-content\/uploads\/2023\/12\/Photo-B.-Delattre-copie.jpg\" alt=\"Photo B. Delattre - copie\" itemprop=\"image\" title=\"Photo B. Delattre - copie\" onerror=\"this.style.display='none'\"  \/>\n\t\t\t\t<\/a>\n\t<h2>Mots-cl\u00e9s<\/h2>\n<blockquote><p>p\u00e9dagogie et didactique des disciplines scolaires ; \u00e9pist\u00e9mologie de l&rsquo;\u00e9ducation physique et sportive ; savoirs d&rsquo;exp\u00e9rience des enseignants et des entra\u00eeneurs, philosophie de l&rsquo;individuation ;<\/p><\/blockquote>\n\t\t\t<a href=\"#\" id=\"fl-accordion--label-0\" tabindex=\"0\" aria-controls=\"fl-accordion--panel-0\">Pr\u00e9sentation<\/a>\n\t\t\t\t\t\t\t<a href=\"#\" id=\"fl-accordion--icon-0\" tabindex=\"0\" aria-controls=\"fl-accordion--panel-0\"><i>Collapse<\/i><\/a>\n\t\t<p>Professeur d&rsquo;EPS (2002) puis agr\u00e9g\u00e9 d&rsquo;EPS (2010), je suis docteur en sciences de l&rsquo;\u00e9ducation et de la formation (2019), membre associ\u00e9 au CIRNEF au sein du th\u00e8me 4 : Savoirs, P\u00e9dagogies, Institutions, Didactiques (SPID).<\/p>\n<p>Ma th\u00e8se de doctorat, <em>l&rsquo;EPS au d\u00e9fi de l&rsquo;individuation<\/em>, propose de combiner les enjeux \u00e9pist\u00e9mologiques, p\u00e9dagogiques et didactiques de cette discipline \u00e0 partir de la matrice th\u00e9orique de l&rsquo;individuation psychique et collective (Stiegler, 2004).<\/p>\n<p>Je travaille plus globalement sur l&rsquo;activit\u00e9 d&rsquo;enseignement-apprentissage \u00e0 l&rsquo;\u00e9cole et \u00e0 l&rsquo;universit\u00e9 et sur l&rsquo;analyse de l&rsquo;activit\u00e9 des professionnels de l&rsquo;\u00e9ducation, de la formation, du monde sportif et artistique.<\/p>\n<p>Je suis actuellement direction-adjoint \u00e0 la formation \u00e0 l&rsquo;INSPE de Normandie Caen et co-responsable du parcours \u00c9ducation Physique et Sportive. J&rsquo;interviens principalement dans les parcours EPS et professeurs des \u00e9coles dans le cadre de diff\u00e9rents enseignements (didactique et p\u00e9dagogique de l&rsquo;EPS, \u00e9pist\u00e9mologie et socio-histoire de l&rsquo;EPS, ateliers de recherche, enseignements communs).  Je suis associ\u00e9 au parcours EFE (enseignement en fran\u00e7ais \u00e0 l&rsquo;\u00e9tranger).<\/p>\n<p>Publications principales :<\/p>\n<p>Delattre, B. Morizur, Y. (\u00e0 para\u00eetre). Principes de formation robustes et \u00c9ducation Physique de Qualit\u00e9. Illustration pour la formation initiale des professeurs d&rsquo;EPS \u00e0 l&rsquo;INSPE de Normandie Caen. <em>Movement and sport sciences<\/em>.<\/p>\n<p>Georget, J-P., Delattre, B. (\u00e0 para\u00eetre). Exp\u00e9rimentation ergonomique et didactique d&rsquo;une ressource documentaire : course fractionn\u00e9e, proportionnalit\u00e9 et vitesse moyenne. <em>Colloque Espace Math\u00e9matique Francophone<\/em>, Montr\u00e9al, 26-30 mai 2025.<\/p>\n<p>Delattre, B. Gallon, D. (2024) \u00catre \u00e0 l&rsquo;aise dans l&rsquo;eau, un parcours de formation en ligne. in F. Potdevin, F. Camporelli, M. Sidney. <em>Actes des 7<sup>\u00e8mes<\/sup> journ\u00e9es sp\u00e9cialis\u00e9es de Natation<\/em>, Saint-Amand-Les-Eaux, 5 et 6 juin 2024.<\/p>\n<p>Buznic-Bourgeacq, P.  Delattre, B. (2023). Les dynamiques identificatoires des enseignants d&rsquo;EPS d\u00e9butants : les ressorts d&rsquo;une discipline scolaire au filtre des processus de subjectivation et d&rsquo;individuation. <em>\u00c9ducation et socialisation 70<\/em>. <a href=\"https:\/\/journals.openedition.org\/edso\/25879\">https:\/\/journals.openedition.org\/edso\/25879<\/a><\/p>\n<p>Delattre, B. (2023) Conceptions didactiques de la natation et choix d&rsquo;enseignement pour l&rsquo;EPS. <em>Revue Contre-Pied, Natation (Hors-S\u00e9rie n\u00b033)<\/em>, 30-31.<\/p>\n<p>Delattre, B. Ouitre, F. (2023) Ce qu&rsquo;il reste de l&rsquo;EPS chez de futures professeurs des e\u0301coles et projection sur l&rsquo;enseignement de cette discipline, in Y. Buyck, M. Sudri\u00e8s, F. Ligozat &amp; C. Marlot (Eds.).<em> Les didactiques face \u00e0 l&rsquo;\u00e9volution des curriculums. Savoir(s) et pratiques pour entrer dans la complexit\u00e9 du monde. Actes du 6<sup>\u00e8me<\/sup> colloque international de l&rsquo;ARCD (vol. X, pp. 38-51). Universit\u00e9 de Gen\u00e8ve.  <\/em><a href=\"https:\/\/archive-ouverte.unige.ch\/unige:174755\"><em>https:\/\/archive-ouverte.unige.ch\/unige:174755<\/em><\/a><\/p>\n<p>Delattre, B. (2021) Apprendre par adoption \u00e0 l&rsquo;\u00e9cole. \u00c9l\u00e9ments introductifs et illustrations dans la discipline \u00c9ducation Physique et Sportive. <em>Penser l&rsquo;\u00c9ducation<\/em>, (49), 9-40.  <a href=\"https:\/\/journals.openedition.org\/pensereduc\/410?lang=en\">https:\/\/journals.openedition.org\/pensereduc\/410?lang=en<\/a><\/p>\n<p>Delattre, B. (2021) La d\u00e9volution du \u00ab double de l&rsquo;action \u00bb en \u00e9ducation physique et sportive. In Buznic-Bourgeacq (dir.), <em>Objets et sujets de la d\u00e9volution, les institutions de l&rsquo;autonomie<\/em>, ISTE, pp. 63-81<\/p>\n\t\t\t<a href=\"#\" id=\"fl-accordion--label-1\" tabindex=\"0\" aria-controls=\"fl-accordion--panel-1\">Publications r\u00e9centes<\/a>\n\t\t\t\t\t\t\t<a href=\"#\" id=\"fl-accordion--icon-1\" tabindex=\"0\" aria-controls=\"fl-accordion--panel-1\"><i>Expand<\/i><\/a>\n\t\t\t<a href=\"#\" id=\"fl-accordion--label-2\" tabindex=\"0\" aria-controls=\"fl-accordion--panel-2\">Collaborations<\/a>\n\t\t\t\t\t\t\t<a href=\"#\" id=\"fl-accordion--icon-2\" tabindex=\"0\" aria-controls=\"fl-accordion--panel-2\"><i>Expand<\/i><\/a>\n\n","protected":false},"excerpt":{"rendered":"<p>Identit\u00e9 Benjamin DELATTRE Adresse : Universit\u00e9 de Caen Normandie INSPE Normandie Caen 186 rue de la D\u00e9livrande 14032 CAEN CEDEX Email : benjamin.delattre@unicaen.fr Mots-cl\u00e9s p\u00e9dagogie et didactique des disciplines scolaires ; \u00e9pist\u00e9mologie de l&rsquo;\u00e9ducation physique et sportive ; savoirs d&rsquo;exp\u00e9rience des enseignants et des entra\u00eeneurs, philosophie de l&rsquo;individuation ; Pr\u00e9sentation Collapse Professeur d&rsquo;EPS (2002) puis &hellip;<\/p>\n<p class=\"read-more\"> <a class=\"\" href=\"https:\/\/cirnef.normandie-univ.fr\/?page_id=4690\"> <span class=\"screen-reader-text\">Benjamin Delattre<\/span> Lire la suite \u00bb<\/a><\/p>\n","protected":false},"author":145,"featured_media":0,"parent":0,"menu_order":0,"comment_status":"closed","ping_status":"closed","template":"","meta":{"site-sidebar-layout":"default","site-content-layout":"default","ast-global-header-display":"","ast-main-header-display":"","ast-hfb-above-header-display":"","ast-hfb-below-header-display":"","ast-hfb-mobile-header-display":"","site-post-title":"","ast-breadcrumbs-content":"","ast-featured-img":"","footer-sml-layout":"","theme-transparent-header-meta":"default","adv-header-id-meta":"","stick-header-meta":"default","header-above-stick-meta":"","header-main-stick-meta":"","header-below-stick-meta":"","footnotes":""},"coauthors":[],"class_list":["post-4690","page","type-page","status-publish","hentry"],"_links":{"self":[{"href":"https:\/\/cirnef.normandie-univ.fr\/index.php?rest_route=\/wp\/v2\/pages\/4690","targetHints":{"allow":["GET"]}}],"collection":[{"href":"https:\/\/cirnef.normandie-univ.fr\/index.php?rest_route=\/wp\/v2\/pages"}],"about":[{"href":"https:\/\/cirnef.normandie-univ.fr\/index.php?rest_route=\/wp\/v2\/types\/page"}],"author":[{"embeddable":true,"href":"https:\/\/cirnef.normandie-univ.fr\/index.php?rest_route=\/wp\/v2\/users\/145"}],"replies":[{"embeddable":true,"href":"https:\/\/cirnef.normandie-univ.fr\/index.php?rest_route=%2Fwp%2Fv2%2Fcomments&post=4690"}],"version-history":[{"count":2,"href":"https:\/\/cirnef.normandie-univ.fr\/index.php?rest_route=\/wp\/v2\/pages\/4690\/revisions"}],"predecessor-version":[{"id":7803,"href":"https:\/\/cirnef.normandie-univ.fr\/index.php?rest_route=\/wp\/v2\/pages\/4690\/revisions\/7803"}],"wp:attachment":[{"href":"https:\/\/cirnef.normandie-univ.fr\/index.php?rest_route=%2Fwp%2Fv2%2Fmedia&parent=4690"}],"wp:term":[{"taxonomy":"author","embeddable":true,"href":"https:\/\/cirnef.normandie-univ.fr\/index.php?rest_route=%2Fwp%2Fv2%2Fcoauthors&post=4690"}],"curies":[{"name":"wp","href":"https:\/\/api.w.org\/{rel}","templated":true}]}}