{"id":4133,"date":"2020-12-03T17:32:37","date_gmt":"2020-12-03T16:32:37","guid":{"rendered":"http:\/\/cirnef.normandie-univ.fr\/?page_id=4133"},"modified":"2025-05-13T10:53:50","modified_gmt":"2025-05-13T08:53:50","slug":"4133-2","status":"publish","type":"page","link":"https:\/\/cirnef.normandie-univ.fr\/?page_id=4133","title":{"rendered":"Julia Midelet-Mahieu"},"content":{"rendered":"\n\n\t<h2>Identit\u00e9<\/h2>\n<h4>Julia Midelet-Mahieu<\/h4>\n<h4>Email : julia.midelet@unicaen.fr<\/h4>\n\t\t\t\t<a href=\"https:\/\/cirnef.normandie-univ.fr\/wp-content\/uploads\/2021\/01\/PHOTO.jpg\" target=\"_self\" itemprop=\"url\">\n\t\t\t\t<img decoding=\"async\" src=\"http:\/\/cirnef.normandie-univ.fr\/wp-content\/uploads\/2021\/01\/PHOTO.jpg\" alt=\"PHOTO\" itemprop=\"image\" title=\"PHOTO\" onerror=\"this.style.display='none'\"  \/>\n\t\t\t\t<\/a>\n\t<h2>Mots-cl\u00e9s<\/h2>\n<p>Syst\u00e8me \u00e9ducatif &#8211; Education inclusive<\/p>\n<p>Insertion sociale et professionnelle<\/p>\n<p>Collectifs de travail &#8211; Personne ressource<\/p>\n<p>Enjeux \u00e9thiques<\/p>\n<p>R\u00e9cits biographiques<\/p>\n<blockquote><p>&nbsp;<\/p><\/blockquote>\n\t\t\t<a href=\"#\" id=\"fl-accordion--label-0\" tabindex=\"0\" aria-controls=\"fl-accordion--panel-0\">Pr\u00e9sentation<\/a>\n\t\t\t\t\t\t\t<a href=\"#\" id=\"fl-accordion--icon-0\" tabindex=\"0\" aria-controls=\"fl-accordion--panel-0\"><i>Collapse<\/i><\/a>\n\t\tJ&rsquo;ai d\u00e9but\u00e9 ma carri\u00e8re professionnelle (2002 \u00e0 2011) en exer\u00e7ant en tant que professeure des \u00e9coles durant une ann\u00e9e avant de faire le choix d&rsquo;enseigner plus particuli\u00e8rement aupr\u00e8s de jeunes scolaris\u00e9s au sein d&rsquo;\u00e9tablissements sp\u00e9cialis\u00e9s, de structures ou de dispositifs leur permettant d&rsquo;acc\u00e9der \u00e0 des parcours de formations adapt\u00e9s \u00e0 leur potentiel. J&rsquo;ai ainsi pu enseigner aupr\u00e8s de jeunes ayant des niveaux scolaires allant de la maternelle au CAP.<br \/>\nLes outils d\u00e9velopp\u00e9s alors tout comme les projets men\u00e9s notamment autour de la pr\u00e9paration de leur insertion sociale et professionnelle ont \u00e9t\u00e9 largement diffus\u00e9s aupr\u00e8s des futurs enseignants sp\u00e9cialis\u00e9s dans le cadre des formations dispens\u00e9es alors \u00e0 l&rsquo;IUFM d&rsquo;Evreux (27) et de Mont-Saint-Aignan (76). Cela m&rsquo;a permis de d\u00e9velopper des gestes professionnels en termes d&rsquo;accompagnement d&rsquo;adultes en formation initiale et continue. L&rsquo;obtention d&rsquo;une certification aux fonctions de Ma\u00eetre Formateur (CAFIPEMF) a alors l\u00e9gitim\u00e9 mes interventions qui se sont accrues tr\u00e8s rapidement puisque j&rsquo;ai pu acc\u00e9der \u00e0 un poste \u00e0 temps complet \u00e0 l&rsquo;ESPE de Rouen (76) en septembre 2011. Depuis septembre 2015, je suis affect\u00e9e \u00e0 l&rsquo;INSPE de Caen en tant que formatrice pour l&rsquo;\u00e9ducation inclusive. J&rsquo;y suis responsable de la formation CAPPEI, coordonnatrice pour le r\u00e9seau Unir\u00e8s et charg\u00e9e de mission \u00ab\u00a0sant\u00e9 et handicap\u00a0\u00bb.\n\t\t\t<a href=\"#\" id=\"fl-accordion--label-1\" tabindex=\"0\" aria-controls=\"fl-accordion--panel-1\">Publications r\u00e9centes<\/a>\n\t\t\t\t\t\t\t<a href=\"#\" id=\"fl-accordion--icon-1\" tabindex=\"0\" aria-controls=\"fl-accordion--panel-1\"><i>Expand<\/i><\/a>\n\t\t1. Leroyer, L., Midelet, J. (2020). Personne ressource pour l&rsquo;\u00e9ducation inclusive\u2009:\u2009 des\u2009discours\u2009et\u2009des\u2009actions<br \/>\nr\u00e9v\u00e9lateurs\u2009d&rsquo;enjeux\u2009\u2009 de\u2009formation\u2009et\u2009de\u2009recherche. La nouvelle revue- \u00e9ducaion et soci\u00e9t\u00e9 inclusives,<br \/>\n88, pp. 241-255.<br \/>\n2. Midelet, J. (2019). Les dispositifs Ulis, enjeux d&rsquo;un dispositif de transition. La Nouvelle Revue-\u00c9ducation<br \/>\net Soci\u00e9t\u00e9 Inclusives, 1(85), pp. 71-86.<br \/>\n3. Midelet, J. (2015). Construire son projet personnel et professionnel avec le dispositif des unit\u00e9s localis\u00e9es<br \/>\npour l&rsquo;inclusion scolaire (ULIS): Une exigence paradoxale. Agora d\u00e9bats\/jeunesses, 71(3), pp. 83-97.<br \/>\n4. Midelet, J. (2013). Anticiper le passage du milieu scolaire au monde du travail pour des \u00e9l\u00e8ves en situation<br \/>\nde handicap mental : quelles strat\u00e9gies et quels outils ? A.N.A.E, vol. 25 tome 1 n\u00b0 122 , pp 46-50.<br \/>\n5. Midelet, J., Nobis, P. (2013). Les comp\u00e9tences informationnelles au coeur du projet d&rsquo;insertion<br \/>\nprofessionnelle. A.N.A.E, vol. 25 tome 1 n\u00b0 122 , pp 41-45.<br \/>\n6. Midelet, J. (2013). Le projet personnalis\u00e9 d&rsquo;orienttion en ULIS : un espace de travail partag\u00e9. A.N.A.E, vol.<br \/>\n25 tome 1 n\u00b0 122 , pp 35-39.<br \/>\n7. Midelet, J ; Vin\u00e9 Vallin, V. (soumis). Partages des exp\u00e9riences de vie et prendre part \u00e0 une recherche :<br \/>\ncomment le chercheur peut-il prendre en compte les publics \u00e0 la communication entrav\u00e9e ? Questions vives<br \/>\nen \u00e9ducation.<br \/>\n8. Midelet, Julia (2020). Conditions du dialogue en situations de vuln\u00e9rabilit\u00e9, in Coordination th\u00e9matique :<br \/>\nZo\u00e9 Rollin et \u00c9ric Dugas (dir.), Revue Education, Sant\u00e9, Soci\u00e9t\u00e9s, Vol. 7, No. 1. Accompagnement et<br \/>\nm\u00e9diation : entre paroles et actes., Editions des archives contemporaines, France, pp. 109-122\n\t\t\t<a href=\"#\" id=\"fl-accordion--label-2\" tabindex=\"0\" aria-controls=\"fl-accordion--panel-2\">Collaborations<\/a>\n\t\t\t\t\t\t\t<a href=\"#\" id=\"fl-accordion--icon-2\" tabindex=\"0\" aria-controls=\"fl-accordion--panel-2\"><i>Expand<\/i><\/a>\n\n","protected":false},"excerpt":{"rendered":"<p>Identit\u00e9 Julia Midelet-Mahieu Email : julia.midelet@unicaen.fr Mots-cl\u00e9s Syst\u00e8me \u00e9ducatif &#8211; Education inclusive Insertion sociale et professionnelle Collectifs de travail &#8211; Personne ressource Enjeux \u00e9thiques R\u00e9cits biographiques &nbsp; Pr\u00e9sentation Collapse J&rsquo;ai d\u00e9but\u00e9 ma carri\u00e8re professionnelle (2002 \u00e0 2011) en exer\u00e7ant en tant que professeure des \u00e9coles durant une ann\u00e9e avant de faire le choix d&rsquo;enseigner plus &hellip;<\/p>\n<p class=\"read-more\"> <a class=\"\" href=\"https:\/\/cirnef.normandie-univ.fr\/?page_id=4133\"> <span class=\"screen-reader-text\">Julia Midelet-Mahieu<\/span> Lire la suite \u00bb<\/a><\/p>\n","protected":false},"author":132,"featured_media":0,"parent":0,"menu_order":0,"comment_status":"closed","ping_status":"closed","template":"","meta":{"site-sidebar-layout":"default","site-content-layout":"default","ast-global-header-display":"","ast-main-header-display":"","ast-hfb-above-header-display":"","ast-hfb-below-header-display":"","ast-hfb-mobile-header-display":"","site-post-title":"","ast-breadcrumbs-content":"","ast-featured-img":"","footer-sml-layout":"","theme-transparent-header-meta":"default","adv-header-id-meta":"","stick-header-meta":"default","header-above-stick-meta":"","header-main-stick-meta":"","header-below-stick-meta":"","footnotes":""},"coauthors":[],"class_list":["post-4133","page","type-page","status-publish","hentry"],"_links":{"self":[{"href":"https:\/\/cirnef.normandie-univ.fr\/index.php?rest_route=\/wp\/v2\/pages\/4133","targetHints":{"allow":["GET"]}}],"collection":[{"href":"https:\/\/cirnef.normandie-univ.fr\/index.php?rest_route=\/wp\/v2\/pages"}],"about":[{"href":"https:\/\/cirnef.normandie-univ.fr\/index.php?rest_route=\/wp\/v2\/types\/page"}],"author":[{"embeddable":true,"href":"https:\/\/cirnef.normandie-univ.fr\/index.php?rest_route=\/wp\/v2\/users\/132"}],"replies":[{"embeddable":true,"href":"https:\/\/cirnef.normandie-univ.fr\/index.php?rest_route=%2Fwp%2Fv2%2Fcomments&post=4133"}],"version-history":[{"count":1,"href":"https:\/\/cirnef.normandie-univ.fr\/index.php?rest_route=\/wp\/v2\/pages\/4133\/revisions"}],"predecessor-version":[{"id":7758,"href":"https:\/\/cirnef.normandie-univ.fr\/index.php?rest_route=\/wp\/v2\/pages\/4133\/revisions\/7758"}],"wp:attachment":[{"href":"https:\/\/cirnef.normandie-univ.fr\/index.php?rest_route=%2Fwp%2Fv2%2Fmedia&parent=4133"}],"wp:term":[{"taxonomy":"author","embeddable":true,"href":"https:\/\/cirnef.normandie-univ.fr\/index.php?rest_route=%2Fwp%2Fv2%2Fcoauthors&post=4133"}],"curies":[{"name":"wp","href":"https:\/\/api.w.org\/{rel}","templated":true}]}}