{"id":2407,"date":"2019-05-31T11:33:25","date_gmt":"2019-05-31T09:33:25","guid":{"rendered":"http:\/\/cirnef.normandie-univ.fr\/?page_id=2407"},"modified":"2025-05-13T11:02:00","modified_gmt":"2025-05-13T09:02:00","slug":"anne-pellissier-fall","status":"publish","type":"page","link":"https:\/\/cirnef.normandie-univ.fr\/?page_id=2407","title":{"rendered":"Anne PELLISSIER FALL"},"content":{"rendered":"\n\n\t\t\t\t<a href=\"https:\/\/cirnef.normandie-univ.fr\/wp-content\/uploads\/2019\/04\/avatarfemme.jpg\" target=\"_self\" itemprop=\"url\">\n\t\t\t\t<img loading=\"lazy\" decoding=\"async\" src=\"https:\/\/cirnef.normandie-univ.fr\/wp-content\/uploads\/2019\/04\/avatarfemme.jpg\" alt=\"avatarfemme\" itemprop=\"image\" height=\"240\" width=\"240\" title=\"avatarfemme\" onerror=\"this.style.display='none'\"  \/>\n\t\t\t\t<\/a>\n\t<h2>Identit\u00e9<\/h2>\n<h4>MCF Anne PELLISSIER FALL<\/h4>\nAdresse :<br \/>\nUniversit\u00e9 de Caen Normandie<br \/>\nUFR des Sciences de l&rsquo;Homme et de la Soci\u00e9t\u00e9<br \/>\nEsplanade de la Paix &#8211; Campus 1 &#8211; B\u00e2timent Droit- DRS 32<br \/>\n14032 CAEN CEDEX\nT\u00e9l : 02 31 56 54 87<br \/>\nEmail : <a href=\"mailto:anne.pellissier@unicaen.fr\">anne.pellissier@unicaen.fr<\/a>\n\t<h2>Mots-cl\u00e9s<\/h2>\n<blockquote><p>sociologie, sant\u00e9 et handicap, travail du care, petite enfance<\/p><\/blockquote>\n\t\t\t<a href=\"#\" id=\"fl-accordion--label-0\" tabindex=\"0\" aria-controls=\"fl-accordion--panel-0\">Pr\u00e9sentation<\/a>\n\t\t\t\t\t\t\t<a href=\"#\" id=\"fl-accordion--icon-0\" tabindex=\"0\" aria-controls=\"fl-accordion--panel-0\"><i>Collapse<\/i><\/a>\n\t\t<p>Apr\u00e8s une formation en sociologie de la sant\u00e9, j&rsquo;ai travaill\u00e9 sur les transformations de la m\u00e9decine contemporaine (\u00e9mergence d&rsquo;une m\u00e9decine pr\u00e9dictive) et sur diff\u00e9rentes \u00ab\u00a0exp\u00e9riences\u00a0\u00bb li\u00e9es \u00e0 la maladie ou \u00e0 la pr\u00e9vention (greffe, s\u00e9ropositivit\u00e9 au VIH, rapport \u00e0 la pr\u00e9vention). Mon travail s&rsquo;est ensuite \u00e9largi en direction des professionnels de sant\u00e9 et, plus particuli\u00e8rement, des m\u00e9decins (implication dans les r\u00e9seaux de sant\u00e9, dans l&rsquo;\u00e9ducation th\u00e9rapeutique&#8230;). J&rsquo;ai ensuite travaill\u00e9 autour du th\u00e8me du handicap en me centrant sur les savoirs profanes des parents d&rsquo;enfants en situation de handicap et leurs relations avec les professionnels et je m&rsquo;int\u00e9resse actuellement aux m\u00e9tiers subalternes du care (plus particuli\u00e8rement les m\u00e9tiers de la petite enfance), au croisement d&rsquo;une sociologie du travail, d&rsquo;une sociologie du care et d&rsquo;un int\u00e9r\u00eat pour la sant\u00e9 au sens large. Parall\u00e8lement, j&rsquo;ai, de 1995 \u00e0 2008, particip\u00e9 \u00e0 une enqu\u00eate longitudinale sur l&rsquo;entr\u00e9e dans l&rsquo;\u00e2ge adulte (\u00ab Sociabilit\u00e9 et Insertion Professionnelle : analyse comparative du r\u00e9seau de relations de jeunes scolaris\u00e9s et de jeunes en voie d&rsquo;insertion \u00bb mis en place par le CMH (UMR 8097) et Lest (UMR 6123). Publications (et comm) repr\u00e9sentatives de ce parcours : 2018 : \u00abTaking care of others \u00a0\u00bb work-family balance \u00a0\u00bb : the case of Family Child Care providers in France \u00bb XIXe ISA World Congress of Sociology, RC 53, Toronto 15-21 juillet (avec Barbier P., Bertron C., Hertzog L., Montmasson D. , Seiller P.) Contributive paper 2018 (avec Philippe Mazereau) \u00a0Le travail des parents dans les parcours \u00e9ducatif et th\u00e9rapeutique de leur enfant en situation de handicap, Anthropologie et Sant\u00e9 , 2018, 17 \/\/ 2018 (avec Philippe Mazereau) \u00ab Les parents d&rsquo;enfants en situation de handicap sont-ils des parents comme les autres ? &#8211; La place accord\u00e9e par les familles aux professionnels de sant\u00e9 ou m\u00e9dico-sociaux dans l&rsquo;\u00e9ducation de leurs enfants \u00bb in Guirimand N., Mazereau P., Lepl\u00e8gue A. (dir), Les nouveaux enjeux du secteur social et m\u00e9dico-social. D\u00e9cloisonner et coordonner les parcours de vie et de soin \u00bb \u00c9ditions Champ Social\/\/2013 Logiques de participation et de non-participation au d\u00e9pistage du cancer du sein en milieu rural, Revue d&rsquo;\u00e9pid\u00e9miologie et de sant\u00e9 publique, Suppl\u00e9ment 4, volume 61, octobre\/\/ 2011 \u00ab Anticipation m\u00e9dicale de la maladie et m\u00e9dicalisation de la sant\u00e9 \u00bb, in Degenne A., Marry C. et Moulin S., Les cat\u00e9gories sociales et leurs fronti\u00e8res, Presses Universitaires de Laval, Canada<\/p>\n\t<h1>Publications et Communications<\/h1>\n\t\t\t\t\t<a href=\"#\" id=\"fl-tabs--label-0\" data-index=\"0\" aria-selected=\"true\" aria-controls=\"fl-tabs--panel-0\" aria-expanded=\"true\" role=\"tab\" tabindex=\"0\">\t\t\t\tACL \t\t\t<\/a>\n\t\t\t\t\t<a href=\"#\" id=\"fl-tabs--label-1\" data-index=\"1\" aria-selected=\"false\" aria-controls=\"fl-tabs--panel-1\" aria-expanded=\"false\" role=\"tab\" tabindex=\"0\">\t\t\t\tACLN\t\t\t<\/a>\n\t\t\t\t\t<a href=\"#\" id=\"fl-tabs--label-2\" data-index=\"2\" aria-selected=\"false\" aria-controls=\"fl-tabs--panel-2\" aria-expanded=\"false\" role=\"tab\" tabindex=\"0\">\t\t\t\tASCL\t\t\t<\/a>\n\t\t\t\t\t<a href=\"#\" id=\"fl-tabs--label-3\" data-index=\"3\" aria-selected=\"false\" aria-controls=\"fl-tabs--panel-3\" aria-expanded=\"false\" role=\"tab\" tabindex=\"0\">\t\t\t\tOS\t\t\t<\/a>\n\t\t\t\t\t<a href=\"#\" id=\"fl-tabs--label-4\" data-index=\"4\" aria-selected=\"false\" aria-controls=\"fl-tabs--panel-4\" aria-expanded=\"false\" role=\"tab\" tabindex=\"0\">\t\t\t\tCOS\t\t\t<\/a>\n\t\t\t\t\t<a href=\"#\" id=\"fl-tabs--label-5\" data-index=\"5\" aria-selected=\"false\" aria-controls=\"fl-tabs--panel-5\" aria-expanded=\"false\" role=\"tab\" tabindex=\"0\">\t\t\t\tPT\t\t\t<\/a>\n\t\t\t\t\t<a href=\"#\" id=\"fl-tabs--label-6\" data-index=\"6\" aria-selected=\"false\" aria-controls=\"fl-tabs--panel-6\" aria-expanded=\"false\" role=\"tab\" tabindex=\"0\">\t\t\t\tBRE\t\t\t<\/a>\n\t\t\t\t\t<a href=\"#\" id=\"fl-tabs--label-7\" data-index=\"7\" aria-selected=\"false\" aria-controls=\"fl-tabs--panel-7\" aria-expanded=\"false\" role=\"tab\" tabindex=\"0\">\t\t\t\tC-INV\t\t\t<\/a>\n\t\t\t\t\t<a href=\"#\" id=\"fl-tabs--label-8\" data-index=\"8\" aria-selected=\"false\" aria-controls=\"fl-tabs--panel-8\" aria-expanded=\"false\" role=\"tab\" tabindex=\"0\">\t\t\t\tC-ACTI\t\t\t<\/a>\n\t\t\t\t\t<a href=\"#\" id=\"fl-tabs--label-9\" data-index=\"9\" aria-selected=\"false\" aria-controls=\"fl-tabs--panel-9\" aria-expanded=\"false\" role=\"tab\" tabindex=\"0\">\t\t\t\tC-ACTN\t\t\t<\/a>\n\t\t\t\t\t<a href=\"#\" id=\"fl-tabs--label-10\" data-index=\"10\" aria-selected=\"false\" aria-controls=\"fl-tabs--panel-10\" aria-expanded=\"false\" role=\"tab\" tabindex=\"0\">\t\t\t\tC-COM 2018 \t\t\t<\/a>\n\t\t\t\t\t<a href=\"#\" id=\"fl-tabs--label-11\" data-index=\"11\" aria-selected=\"false\" aria-controls=\"fl-tabs--panel-11\" aria-expanded=\"false\" role=\"tab\" tabindex=\"0\">\t\t\t\tC-AFF\t\t\t<\/a>\n\t\t\t\t\t<a href=\"#\" id=\"fl-tabs--label-12\" data-index=\"12\" aria-selected=\"false\" aria-controls=\"fl-tabs--panel-12\" aria-expanded=\"false\" role=\"tab\" tabindex=\"0\">\t\t\t\tDO\t\t\t<\/a>\n\t\t\t\t\t<a href=\"#\" id=\"fl-tabs--label-13\" data-index=\"13\" aria-selected=\"false\" aria-controls=\"fl-tabs--panel-13\" aria-expanded=\"false\" role=\"tab\" tabindex=\"0\">\t\t\t\tOR\t\t\t<\/a>\n\t\t\t\t\t<a href=\"#\" id=\"fl-tabs--label-14\" data-index=\"14\" aria-selected=\"false\" aria-controls=\"fl-tabs--panel-14\" aria-expanded=\"false\" role=\"tab\" tabindex=\"0\">\t\t\t\tPV\t\t\t<\/a>\n\t\t\t\t\t<a href=\"#\" id=\"fl-tabs--label-15\" data-index=\"15\" aria-selected=\"false\" aria-controls=\"fl-tabs--panel-15\" aria-expanded=\"false\" role=\"tab\" tabindex=\"0\">\t\t\t\tPAT\t\t\t<\/a>\n\t\t\t\t\t<a href=\"#\" id=\"fl-tabs--label-16\" data-index=\"16\" aria-selected=\"false\" aria-controls=\"fl-tabs--panel-16\" aria-expanded=\"false\" role=\"tab\" tabindex=\"0\">\t\t\t\tAP\t\t\t<\/a>\n\t\t\t\t\t<a href=\"#\" id=\"fl-tabs--label-17\" data-index=\"17\" aria-selected=\"false\" aria-controls=\"fl-tabs--panel-17\" aria-expanded=\"false\" role=\"tab\" tabindex=\"0\">\t\t\t\tTH\t\t\t<\/a>\n\t\t\t\tACL \n\t\t\t\t\t\t\t<p><strong>Articles dans des revues internationales ou nationales avec comit\u00e9 de lecture r\u00e9pertori\u00e9es par l&rsquo;HCERES ou dans les bases de donn\u00e9es internationales (ISI Web of Knowledge, Pub Med, Scopus&#8230;).<\/strong><\/p>\n<p>&nbsp;<\/p>\n<p>(avec Philippe Mazereau) Le travail des parents dans les parcours \u00e9ducatif et th\u00e9rapeutique de leur enfant en situation de handicap, Anthropologie et Sant\u00e9, 2018, 17 \/\/ 2013 Logiques de participation et de non-participation au d\u00e9pistage du cancer du sein en milieu rural, Revue d&rsquo;\u00e9pid\u00e9miologie et de sant\u00e9 publique, Suppl\u00e9ment 4, volume 61, octobre<\/p>\n\t\t\t\tACLN\n\t\t\t\t\t\t\t<p><strong>Articles dans des revues avec comit\u00e9 de lecture non r\u00e9pertori\u00e9es par l&rsquo;HCERES ou dans des bases de donn\u00e9es internationales.<\/strong><\/p>\n\t\t\t\tASCL\n\t\t\t\t\t\t\t<p><strong>Articles dans des revues sans comit\u00e9 de lecture.<\/strong><\/p>\n\t\t\t\tOS\n\t\t\t\t\t\t\t<p><strong>Ouvrages scientifiques (y compris les \u00e9ditions critiques et les traductions scientifiques)<\/strong><\/p>\n\t\t\t\tCOS\n\t\t\t\t\t\t\t<p><strong>Chapitres d&rsquo;ouvrages scientifiques<\/strong><\/p>\n<b>2018 <\/b> (avec Philippe Mazereau) \u00ab\u00a0Les parents d&rsquo;enfants en situation de handicap sont-ils des parents comme les autres\u00a0? &#8211; La place accord\u00e9e par les familles aux professionnels de sant\u00e9 ou m\u00e9dico-sociaux dans l&rsquo;\u00e9ducation de leurs enfants\u00a0\u00bb in Guirimand N., Mazereau P., Lepl\u00e8gue A. (dir), <i>Les nouveaux enjeux du secteur social et m\u00e9dico-social<\/i>.<i> D\u00e9cloisonner et coordonner les parcours de vie et de soin\u00a0\u00bb \u00c9ditions<\/i> Champ Social\n\t\t\t\tPT\n\t\t\t\t\t\t\t<p><strong>Publications de transfert.<\/strong><\/p>\n\t\t\t\tBRE\n\t\t\t\t\t\t\t<p><strong>Brevets<\/strong><\/p>\n\t\t\t\tC-INV\n\t\t\t\t\t\t\t<p><strong>Conf\u00e9rences donn\u00e9es \u00e0 l&rsquo;invitation du Comit\u00e9 d&rsquo;organisation dans un congr\u00e8s national ou international.<\/strong><\/p>\n\t\t\t\tC-ACTI\n\t\t\t\t\t\t\t<p><strong>Communications avec actes dans un congr\u00e8s international.<\/strong><\/p>\n\t\t\t\tC-ACTN\n\t\t\t\t\t\t\t<p><strong>Communications avec actes dans un congr\u00e8s national.<\/strong><\/p>\n\t\t\t\tC-COM 2018 \n\t\t\t\t\t\t\t<p><strong>Communications orales sans actes dans un congr\u00e8s international ou national.<\/strong><\/p>\n<p>&nbsp;<\/p>\n<p>\u00abConceptions of educational work and children&rsquo;s well-being of early childhood professionals \u00bb, XIXe ISA World Congress of Sociology, RC 53, Toronto 15-21 juillet (avec Barbier P., Bertron C., Hertzog L., Montmasson D. , Seiller P.) \u00abTaking care of others \u00a0\u00bb work-family balance \u00a0\u00bb : the case of Family Child Care providers in France \u00bb XIXe ISA World Congress of Sociology, RC 53, Toronto 15-21 juillet (avec Barbier P., Bertron C., Hertzog L., Montmasson D. , Seiller P.) Contributive paper \u00ab Le travail \u00e9ducatif des auxiliaires de pu\u00e9riculture et des assistantes maternelles : prescriptions et hi\u00e9rarchisations du travail \u00bb, JIST : XVI\u00e8 Journ\u00e9es Internationales de Sociologie du Travail, Paris, 9-11 juillet (avec Barbier P., Bertron C., Hertzog L., Montmasson D. , Seiller P.) 2017 &#8211; \u00ab Les parents d&rsquo;enfants en situation de handicap sont-ils des parents comme les autres ? La question de la place accord\u00e9e aux professionnels dans l&rsquo;\u00e9ducation d&rsquo;enfants \u00ab ordinaires \u00bb et d&rsquo;enfants en situation de handicap \u00bb (avec Philippe Mazereau) &#8211; \u00ab\u00a0\u00a0La place des parents dans la prise en charge de leurs enfants en situation de handicap par les professionnels \u00bb Colloque international \u00ab D\u00e9cloisonner le suivi et le soin des personnes en situation de handicap et\/ou atteintes de pathologies chroniques : les parcours de vie coordonn\u00e9s \u00bb, CIRNEF, Rouen 12 et 13 juin.<\/p>\n\t\t\t\tC-AFF\n\t\t\t\t\t\t\t<p><strong>Communications par affiche dans un congr\u00e8s international ou national.<\/strong><\/p>\n\t\t\t\tDO\n\t\t\t\t\t\t\t<p><strong>Directions d&rsquo;ouvrages ou de revues.<\/strong><\/p>\n\t\t\t\tOR\n\t\t\t\t\t\t\t<p><strong>Outils de recherche (bases de donn\u00e9es, corpus de recherche&#8230;).<\/strong><\/p>\n\t\t\t\tPV\n\t\t\t\t\t\t\t<p><strong>Publications de vulgarisation.<\/strong><\/p>\n\t\t\t\tPAT\n\t\t\t\t\t\t\t<p><strong>Productions artistiques th\u00e9oris\u00e9es (compositions musicales, cin\u00e9matographiques, expositions, installations&#8230;).<\/strong><\/p>\n\t\t\t\tAP\n\t\t\t\t\t\t\t<p><strong>Autres productions. Bases de donn\u00e9es, logiciels enregistr\u00e9s, comptes rendus d&rsquo;ouvrages, rapports de fouilles, guides techniques, catalogues d&rsquo;exposition, rapports interm\u00e9diaires de grands projets internationaux, etc.<\/strong><\/p>\n\t\t\t\tTH\n\t\t\t\t\t\t\t<p><strong>Th\u00e8ses de doctorat<\/strong><\/p>\n\t\t\t<a href=\"#\" id=\"fl-accordion--label-0\" tabindex=\"0\" aria-controls=\"fl-accordion--panel-0\">Programmes de recherche 2017-2018<\/a>\n\t\t\t\t\t\t\t<a href=\"#\" id=\"fl-accordion--icon-0\" tabindex=\"0\" aria-controls=\"fl-accordion--panel-0\"><i>Collapse<\/i><\/a>\n\t\t<p>Chercheure dans l&rsquo;enqu\u00eate \u00ab Rapport au travail et rapport aux enfants chez les professionnel-le-s de la petite enfance \u00bb Financement CNAF (Caisse Nationale d&rsquo;Allocations Familiales) f\u00e9vrier 2017-avril 2019 2016-2019 : Participation \u00e0 la recherche\u00a0 \u00ab Vivre au ch\u00f4mage et investir des activit\u00e9s : comprendre les effets sur la sant\u00e9 et la fatigue des ch\u00f4meurs \u00ab\u00a0\u00a0accompagn\u00e9s \u00bb et\/ou \u00ab organis\u00e9s \u00bb. Enqu\u00eate financ\u00e9e par le GRR (Grands R\u00e9seaux de Recherche) de Haute Normandie de novembre 2016 \u00e0 octobre 2019. Direction : Virginie Althaus (PSY-NCA EA4700) 2014-2016 : Chercheure dans l&rsquo;enqu\u00eate \u00ab Am\u00e9liorer les parcours de vie des jeunes en situation de handicap \u00bb (responsables scientifiques : P. Mazereau -Cerse- et Nicolas Guirimand &#8211; CIVIIC) Financement : CNSA \/ PEP<\/p>\n\t\t\t<a href=\"#\" id=\"fl-accordion--label-1\" tabindex=\"0\" aria-controls=\"fl-accordion--panel-1\">Enseignements et Formations<\/a>\n\t\t\t\t\t\t\t<a href=\"#\" id=\"fl-accordion--icon-1\" tabindex=\"0\" aria-controls=\"fl-accordion--panel-1\"><i>Expand<\/i><\/a>\n\t\t\t<a href=\"#\" id=\"fl-accordion--label-2\" tabindex=\"0\" aria-controls=\"fl-accordion--panel-2\">Autres activit\u00e9s<\/a>\n\t\t\t\t\t\t\t<a href=\"#\" id=\"fl-accordion--icon-2\" tabindex=\"0\" aria-controls=\"fl-accordion--panel-2\"><i>Expand<\/i><\/a>\n\n","protected":false},"excerpt":{"rendered":"<p>Identit\u00e9 MCF Anne PELLISSIER FALL Adresse : Universit\u00e9 de Caen Normandie UFR des Sciences de l&rsquo;Homme et de la Soci\u00e9t\u00e9 Esplanade de la Paix &#8211; Campus 1 &#8211; B\u00e2timent Droit- DRS 32 14032 CAEN CEDEX T\u00e9l : 02 31 56 54 87 Email : anne.pellissier@unicaen.fr Mots-cl\u00e9s sociologie, sant\u00e9 et handicap, travail du care, petite enfance &hellip;<\/p>\n<p class=\"read-more\"> <a class=\"\" href=\"https:\/\/cirnef.normandie-univ.fr\/?page_id=2407\"> <span class=\"screen-reader-text\">Anne PELLISSIER FALL<\/span> Lire la suite \u00bb<\/a><\/p>\n","protected":false},"author":116,"featured_media":0,"parent":0,"menu_order":0,"comment_status":"closed","ping_status":"closed","template":"","meta":{"site-sidebar-layout":"default","site-content-layout":"default","ast-global-header-display":"","ast-main-header-display":"","ast-hfb-above-header-display":"","ast-hfb-below-header-display":"","ast-hfb-mobile-header-display":"","site-post-title":"","ast-breadcrumbs-content":"","ast-featured-img":"","footer-sml-layout":"","theme-transparent-header-meta":"","adv-header-id-meta":"","stick-header-meta":"","header-above-stick-meta":"","header-main-stick-meta":"","header-below-stick-meta":"","footnotes":""},"coauthors":[],"class_list":["post-2407","page","type-page","status-publish","hentry"],"_links":{"self":[{"href":"https:\/\/cirnef.normandie-univ.fr\/index.php?rest_route=\/wp\/v2\/pages\/2407","targetHints":{"allow":["GET"]}}],"collection":[{"href":"https:\/\/cirnef.normandie-univ.fr\/index.php?rest_route=\/wp\/v2\/pages"}],"about":[{"href":"https:\/\/cirnef.normandie-univ.fr\/index.php?rest_route=\/wp\/v2\/types\/page"}],"author":[{"embeddable":true,"href":"https:\/\/cirnef.normandie-univ.fr\/index.php?rest_route=\/wp\/v2\/users\/116"}],"replies":[{"embeddable":true,"href":"https:\/\/cirnef.normandie-univ.fr\/index.php?rest_route=%2Fwp%2Fv2%2Fcomments&post=2407"}],"version-history":[{"count":1,"href":"https:\/\/cirnef.normandie-univ.fr\/index.php?rest_route=\/wp\/v2\/pages\/2407\/revisions"}],"predecessor-version":[{"id":7761,"href":"https:\/\/cirnef.normandie-univ.fr\/index.php?rest_route=\/wp\/v2\/pages\/2407\/revisions\/7761"}],"wp:attachment":[{"href":"https:\/\/cirnef.normandie-univ.fr\/index.php?rest_route=%2Fwp%2Fv2%2Fmedia&parent=2407"}],"wp:term":[{"taxonomy":"author","embeddable":true,"href":"https:\/\/cirnef.normandie-univ.fr\/index.php?rest_route=%2Fwp%2Fv2%2Fcoauthors&post=2407"}],"curies":[{"name":"wp","href":"https:\/\/api.w.org\/{rel}","templated":true}]}}