{"id":2251,"date":"2019-05-27T12:34:13","date_gmt":"2019-05-27T10:34:13","guid":{"rendered":"http:\/\/cirnef.normandie-univ.fr\/?page_id=2251"},"modified":"2025-09-03T15:21:56","modified_gmt":"2025-09-03T13:21:56","slug":"fulbert-bambe","status":"publish","type":"page","link":"https:\/\/cirnef.normandie-univ.fr\/?page_id=2251","title":{"rendered":"Fulbert BAMBE"},"content":{"rendered":"\n\n\t<h2>Identit\u00e9<\/h2>\n<h4>Mr Fulbert BAMBE<\/h4>\nAdresse :<br \/>\nUniversit\u00e9 de Rouen Normandie<br \/>\nUFR des Sciences de l&rsquo;Homme et de la Soci\u00e9t\u00e9<br \/>\nRue Lavoisier<br \/>\n76321 MONT SAINT AIGNAN CEDEX\nT\u00e9l :<br \/>\nEmail : bambefulbert@gmail.com\n\t<h2>Informations<\/h2>\nInscrit en th\u00e8se depuis : 2017<br \/>\nLangue(s) pratiqu\u00e9e(s) : Fran\u00e7ais\n<p>Th\u00e8me de rattachement : 4<\/p>\nTitre de la th\u00e8se : Fondements de la conscience professionnelle des enseignants: le cas des enseignants du secondaire au Cameroun<br \/>\nDirecteur de th\u00e8se : Pr Hubert VINCENT\n<p>Codirecteur de th\u00e8se: Pr Ernest-Marie MBONDA<\/p>\n<p>&nbsp;<\/p>\n\t\t\t\t<a href=\"https:\/\/cirnef.normandie-univ.fr\/wp-content\/uploads\/2021\/10\/BAMBE-F.jpg\" target=\"_self\">\n\t\t\t\t<img loading=\"lazy\" decoding=\"async\" src=\"https:\/\/cirnef.normandie-univ.fr\/wp-content\/uploads\/2021\/10\/BAMBE-F.jpg\" alt=\"BAMBE F\" height=\"518\" width=\"358\" title=\"BAMBE F\" \/>\n\t\t\t\t<\/a>\n\t\t\t<a href=\"#\" id=\"fl-accordion--label-0\" aria-controls=\"fl-accordion--panel-0\">Pr\u00e9sentation du projet de th\u00e8se<\/a>\n\t\t\t\t\t\t\t<a href=\"#\" id=\"fl-accordion--icon-0\" aria-controls=\"fl-accordion--panel-0\"><i>Collapse<\/i><\/a>\n\t\t<p>Ethique professionnelle ; conscience professionnelle ; politique \u00e9ducative;\u00a0 enseignement.<\/p>\n<h4>Mots-cl\u00e9s<\/h4>\n<blockquote><p>&nbsp;<\/p><\/blockquote>\n\t\t\t<a href=\"#\" id=\"fl-accordion--label-1\" aria-controls=\"fl-accordion--panel-1\">L&rsquo;enseignement secondaire au Cameroun et la conscience professionnelle. L&rsquo;Harmattan, 2023<\/a>\n\t\t\t\t\t\t\t<a href=\"#\" id=\"fl-accordion--icon-1\" aria-controls=\"fl-accordion--panel-1\"><i>Expand<\/i><\/a>\n\t\t\t<a href=\"#\" id=\"fl-accordion--label-2\" aria-controls=\"fl-accordion--panel-2\">Communications<\/a>\n\t\t\t\t\t\t\t<a href=\"#\" id=\"fl-accordion--icon-2\" aria-controls=\"fl-accordion--panel-2\"><i>Expand<\/i><\/a>\n\t\t<ol>\n<li>Environnement de travail et construction de la conscience professionnelle chez les enseignants. <em>Octobre 2018, 1 \u00e8re Journ\u00e9e de l&rsquo; \u00e9cole doctorale H.S.R.T. (ED. 556) sur le th\u00e8me \u00ab\u00a0Territoire\u00a0\u00bb.<\/em><\/li>\n<li>Innovations et r\u00e9formes en \u00e9ducation et formation: sens et enjeux pour les acteurs. <em>Octobre 2020. Colloque international sur \u00ab\u00a0Les sciences de l&rsquo;\u00e9ducation et de la formation \u00e0 l&rsquo;\u00e9cole africaine: regard pluridisciplinaire.<\/em><\/li>\n<li>Habiter sa classe, habiter son \u00e9cole. <em>Mars 2021, 3 \u00e8me journ\u00e9e de l&rsquo;\u00e9cole doctorale H.S.R.T sur le th\u00e8me \u00ab\u00a0Habiter<\/em>\u00ab\u00a0.<\/li>\n<li>La relation de confiance dans la mise en \u0153uvre et la r\u00e9ussite des politiques \u00e9ducatives : le cas du programme de \u00ab\u00a0zones d&rsquo;\u00e9ducation prioritaire\u00a0\u00bb au Cameroun. 2021. <em>Colloque inter congr\u00e8s AREF Nancy sur Politiques et territoires en \u00e9ducation et formation<\/em>.<\/li>\n<li>Les enjeux de terrain en sciences de l&rsquo;\u00e9ducation : exposition, purgation et contagion \u00e9motionnelle entre enqu\u00eat\u00e9s et chercheurs. Colloque TRASCE, 2024.<\/li>\n<\/ol>\n\t\t\t<a href=\"#\" id=\"fl-accordion--label-3\" aria-controls=\"fl-accordion--panel-3\">Collaborations<\/a>\n\t\t\t\t\t\t\t<a href=\"#\" id=\"fl-accordion--icon-3\" aria-controls=\"fl-accordion--panel-3\"><i>Expand<\/i><\/a>\n\t\t\t<a href=\"#\" id=\"fl-accordion--label-4\" aria-controls=\"fl-accordion--panel-4\">Cours dispens\u00e9s<\/a>\n\t\t\t\t\t\t\t<a href=\"#\" id=\"fl-accordion--icon-4\" aria-controls=\"fl-accordion--panel-4\"><i>Expand<\/i><\/a>\n\t\t<p>Travaux dirig\u00e9s de Philosophie de l&rsquo;\u00e9ducation en Licence 1 et 2 Sciences de l&rsquo;\u00e9ducation<\/p>\n\t\t\t<a href=\"#\" id=\"fl-accordion--label-5\" aria-controls=\"fl-accordion--panel-5\">Prix, bourses, etc&#8230;<\/a>\n\t\t\t\t\t\t\t<a href=\"#\" id=\"fl-accordion--icon-5\" aria-controls=\"fl-accordion--panel-5\"><i>Expand<\/i><\/a>\n\n","protected":false},"excerpt":{"rendered":"<p>Identit\u00e9 Mr Fulbert BAMBE Adresse : Universit\u00e9 de Rouen Normandie UFR des Sciences de l&rsquo;Homme et de la Soci\u00e9t\u00e9 Rue Lavoisier 76321 MONT SAINT AIGNAN CEDEX T\u00e9l : Email : bambefulbert@gmail.com Informations Inscrit en th\u00e8se depuis : 2017 Langue(s) pratiqu\u00e9e(s) : Fran\u00e7ais Th\u00e8me de rattachement : 4 Titre de la th\u00e8se : Fondements de la &hellip;<\/p>\n<p class=\"read-more\"> <a class=\"\" href=\"https:\/\/cirnef.normandie-univ.fr\/?page_id=2251\"> <span class=\"screen-reader-text\">Fulbert BAMBE<\/span> Lire la suite \u00bb<\/a><\/p>\n","protected":false},"author":102,"featured_media":0,"parent":0,"menu_order":0,"comment_status":"closed","ping_status":"closed","template":"","meta":{"site-sidebar-layout":"default","site-content-layout":"default","ast-global-header-display":"","ast-main-header-display":"","ast-hfb-above-header-display":"","ast-hfb-below-header-display":"","ast-hfb-mobile-header-display":"","site-post-title":"","ast-breadcrumbs-content":"","ast-featured-img":"","footer-sml-layout":"","theme-transparent-header-meta":"default","adv-header-id-meta":"","stick-header-meta":"default","header-above-stick-meta":"","header-main-stick-meta":"","header-below-stick-meta":"","footnotes":""},"coauthors":[210],"class_list":["post-2251","page","type-page","status-publish","hentry"],"_links":{"self":[{"href":"https:\/\/cirnef.normandie-univ.fr\/index.php?rest_route=\/wp\/v2\/pages\/2251","targetHints":{"allow":["GET"]}}],"collection":[{"href":"https:\/\/cirnef.normandie-univ.fr\/index.php?rest_route=\/wp\/v2\/pages"}],"about":[{"href":"https:\/\/cirnef.normandie-univ.fr\/index.php?rest_route=\/wp\/v2\/types\/page"}],"author":[{"embeddable":true,"href":"https:\/\/cirnef.normandie-univ.fr\/index.php?rest_route=\/wp\/v2\/users\/102"}],"replies":[{"embeddable":true,"href":"https:\/\/cirnef.normandie-univ.fr\/index.php?rest_route=%2Fwp%2Fv2%2Fcomments&post=2251"}],"version-history":[{"count":4,"href":"https:\/\/cirnef.normandie-univ.fr\/index.php?rest_route=\/wp\/v2\/pages\/2251\/revisions"}],"predecessor-version":[{"id":8047,"href":"https:\/\/cirnef.normandie-univ.fr\/index.php?rest_route=\/wp\/v2\/pages\/2251\/revisions\/8047"}],"wp:attachment":[{"href":"https:\/\/cirnef.normandie-univ.fr\/index.php?rest_route=%2Fwp%2Fv2%2Fmedia&parent=2251"}],"wp:term":[{"taxonomy":"author","embeddable":true,"href":"https:\/\/cirnef.normandie-univ.fr\/index.php?rest_route=%2Fwp%2Fv2%2Fcoauthors&post=2251"}],"curies":[{"name":"wp","href":"https:\/\/api.w.org\/{rel}","templated":true}]}}