{"id":2029,"date":"2019-05-13T13:58:34","date_gmt":"2019-05-13T11:58:34","guid":{"rendered":"http:\/\/cirnef.normandie-univ.fr\/?page_id=2029"},"modified":"2026-03-20T10:32:26","modified_gmt":"2026-03-20T09:32:26","slug":"theme-2-2","status":"publish","type":"page","link":"https:\/\/cirnef.normandie-univ.fr\/?page_id=2029","title":{"rendered":"Th\u00e8me 2 : Professionnalisation et professionnalit\u00e9s : espaces, temporalit\u00e9s et transformations"},"content":{"rendered":"\n\n\t<p>Responsables : <a href=\"http:\/\/cirnef.normandie-univ.fr\/?page_id=1448\" target=\"_blank\" rel=\"noopener\">Eric Saillot (Caen)<\/a> et <a href=\"http:\/\/cirnef.normandie-univ.fr\/?page_id=1475\" target=\"_blank\" rel=\"noopener\">Richard Wittorski (Rouen)<\/a><\/p>\n\t<p>Membres :<\/p>\n<p>Enseignant.e.s-chercheur.e.s : <a href=\"http:\/\/cirnef.normandie-univ.fr\/?page_id=1303\" target=\"_blank\" rel=\"noopener\">E. Annoot (PU)<\/a>, <a href=\"http:\/\/cirnef.normandie-univ.fr\/?page_id=7306\" target=\"_blank\" rel=\"noopener\">P. Born (MCF)<\/a>, <a href=\"http:\/\/cirnef.normandie-univ.fr\/?page_id=6724\" target=\"_blank\" rel=\"noopener\">M. Boutrais (MCF)<\/a>, <a href=\"http:\/\/cirnef.normandie-univ.fr\/?page_id=7286\" target=\"_blank\" rel=\"noopener\">S. Demichel-Basnier (MCF)<\/a>, <a href=\"http:\/\/cirnef.normandie-univ.fr\/?page_id=1837\" target=\"_blank\" rel=\"noopener\">V. Desvages-Vasselin (MCF)<\/a>, <a href=\"http:\/\/cirnef.normandie-univ.fr\/?page_id=1379\" target=\"_blank\" rel=\"noopener\">N. Guirimand (MCF)<\/a>, <a href=\"http:\/\/cirnef.normandie-univ.fr\/?page_id=7324\" target=\"_blank\" rel=\"noopener\">E. Jacob (MCF)<\/a>, <a href=\"http:\/\/cirnef.normandie-univ.fr\/?page_id=1401\" target=\"_blank\" rel=\"noopener\">M. Laville (MCF HDR)<\/a>, <a href=\"http:\/\/cirnef.normandie-univ.fr\/?page_id=1406\" target=\"_blank\" rel=\"noopener\">A.-L. Le Guern (MCF)<\/a>, <a href=\"http:\/\/cirnef.normandie-univ.fr\/?page_id=1409\" target=\"_blank\" rel=\"noopener\">L. Leroyer (MCF)<\/a>, <a href=\"http:\/\/cirnef.normandie-univ.fr\/?page_id=4166\" target=\"_blank\" rel=\"noopener\">C. Mahieu (MCF)<\/a>, <a href=\"http:\/\/cirnef.normandie-univ.fr\/?page_id=2407\" target=\"_blank\" rel=\"noopener\">A. Pellissier-Fall (MCF)<\/a>, <a href=\"https:\/\/cirnef.normandie-univ.fr\/?page_id=6395\" target=\"_blank\" rel=\"noopener\">I. Pereira (PU)<\/a>, <a href=\"http:\/\/cirnef.normandie-univ.fr\/?page_id=1448\" target=\"_blank\" rel=\"noopener\">E. Saillot (PU)<\/a>, <a href=\"http:\/\/cirnef.normandie-univ.fr\/?page_id=1465\" target=\"_blank\" rel=\"noopener\">B. Savarieau (PU)<\/a>, <a href=\"http:\/\/cirnef.normandie-univ.fr\/?page_id=1475\" target=\"_blank\" rel=\"noopener\">R. Wittorski (PU)<\/a>.<\/p>\n<p>\u00c9m\u00e9rites : <a href=\"http:\/\/cirnef.normandie-univ.fr\/?page_id=1420\" target=\"_blank\" rel=\"noopener\">P. Mazereau<\/a>, <a href=\"http:\/\/cirnef.normandie-univ.fr\/?page_id=1278\" target=\"_blank\" rel=\"noopener\">T. Piot<\/a>, <a href=\"http:\/\/cirnef.normandie-univ.fr\/?page_id=1468\" target=\"_blank\" rel=\"noopener\">H. Vincent<\/a>.<\/p>\n<p>Doctorant.e.s : S. Azmi, L. Bertrand, J. Bitz, D. Bouini\u00e8re (Ourdanabia), J.-M. Cisuaka-Kabamba, C. Cognet, J. Gibert, C. Gobert, Y. Grima, J. Louli, M. Neveu, S. Perrier, A. Pichon, A. Quartino, A. Tily, C. Vielcanet.<\/p>\n<p>Docteur.e.s, chercheur.e.s associ\u00e9.e.s : M. Amavi, M. Aparicio, A. Arroyo, J.-Y. Bodergat, M. Boissart, J. Bourdin, C. Bul\u00e9on, P. Cajot, I. C\u00e9leri, M. Daafouz, Y.D. Dara-Ahato, C. Gassier-Bommart, D. Guyet, V. Ferr\u00e9, M. Hatano-Chalvidan, T. M. Huong Ha, A. Jaeger, C. Jondeau, <a href=\"https:\/\/cirnef.normandie-univ.fr\/?page_id=2619\" target=\"_blank\" rel=\"noopener\">A. Khalifa<\/a>, M.T. Le Pham, C. Lourd, M. Nadjafizadeh, D. Saunier, M. Tocqueville, J. Toutain.<\/p>\n<p>ATER : <a href=\"https:\/\/cirnef.normandie-univ.fr\/?page_id=2619\" target=\"_blank\" rel=\"noopener\">A. Khalifa<\/a><\/p>\n\t<p>Le th\u00e8me 2 du CIRNEF se donne pour principal objet l&rsquo;\u00e9tude des transformations des modalit\u00e9s de professionnalisation et des professionnalit\u00e9s des m\u00e9tiers et activit\u00e9s li\u00e9s aux champs habituels de la discipline -\u00e9ducation et formation- mais aussi \u00e0 des espaces professionnels connexes qui rencontrent et illustrent \u00e9galement ces nouvelles probl\u00e9matiques, tels que la sant\u00e9, le travail social, la s\u00e9curit\u00e9&#8230; L&rsquo;approche du th\u00e8me 2 consiste \u00e0 construire des outils conceptuels interdisciplinaires, fa\u00e7onn\u00e9s dans la rencontre entre sociologie du travail, des organisations et des groupes professionnels, la socio-histoire, la psychodynamique et psychologie du travail, les courants d&rsquo;analyse de l&rsquo;activit\u00e9, l&rsquo;ergonomie cognitive et la didactique professionnelle, entre autres, pour rendre compte des contextes, situations, identit\u00e9s et pouvoir d&rsquo;agir des professionnels.<\/p>\n\t<strong>28 avril 2026 :<br \/>\nJourn\u00e9e d&rsquo;\u00e9tude \u00ab\u00a0Professionnalisation et efficacit\u00e9 au travail : regards crois\u00e9s\u00a0\u00bb<\/strong><strong><br \/>\n<\/strong>(Universit\u00e9 de Rouen Normandie, Maison de l&rsquo;Universit\u00e9)<br \/>\n<a href=\"http:\/\/cirnef.normandie-univ.fr\/wp-content\/uploads\/2026\/03\/programme-journee-detude-cirnef-28-avril-2026.pdf\" target=\"_blank\" rel=\"noopener\"><strong>Programme<\/strong><\/a>\n\t<strong>1, 2 et 3 d\u00e9cembre 2025 : 5e Colloque RUMEF<br \/>\n\u00ab\u00a0Evaluer et professionnaliser ; horizons ind\u00e9passables des m\u00e9tiers de la formation \u00e0 l&rsquo;universit\u00e9 ?\u00a0\u00bb<br \/>\n<\/strong><a href=\"https:\/\/rumef2025.sciencesconf.org\/\" target=\"_blank\" rel=\"noopener\"><strong>Site du colloque\u00a0<\/strong><\/a><br \/>\n<a href=\"https:\/\/webtv.univ-rouen.fr\/channels\/#evaluer-et-professionnaliser-horizons-indepassables-des-metiers-de-la-formation-a-luniversite\" target=\"_blank\" rel=\"noopener\"><strong>Revoir les conf\u00e9rences<\/strong><\/a>\n\t<strong>9 octobre 2024 : Journ\u00e9e scientifique \u00ab\u00a0Les dynamiques de transformations des professionnalit\u00e9s \u00e0 l&rsquo;\u00e9preuve des espaces et des temporalit\u00e9s. Discussions autour d&rsquo;un ouvrage scientifique et perspectives\u00a0\u00bb<br \/>\n<\/strong><a href=\"http:\/\/cirnef.normandie-univ.fr\/wp-content\/uploads\/2024\/09\/programme-journe%CC%81es-scientifiques-cirnef.pdf\" target=\"_blank\" rel=\"noopener\"><strong>Programme<\/strong><\/a>\n\t<strong>12 mars 2024 : Journ\u00e9e scientifique \u00ab\u00a0L&rsquo;approche par les comp\u00e9tences en \u00e9ducation et formation. Pratiques et enjeux\u00a0\u00bb<br \/>\n<\/strong><a href=\"http:\/\/cirnef.normandie-univ.fr\/wp-content\/uploads\/2024\/02\/Affiche-theme-2-CIRNEF-Lapproche-par-competences-en-education-et-formation-VF.pdf\" target=\"_blank\" rel=\"noopener\"><strong>Programme<\/strong><\/a><br \/>\n<a href=\"https:\/\/webtv.univ-rouen.fr\/permalink\/c1268909ddbb77v81kha\/\" target=\"_blank\" rel=\"noopener\"><strong>Revoir les conf\u00e9rences<\/strong><\/a>\n\t<strong>21 mars 2023 : Journ\u00e9e d&rsquo;\u00e9tude \u00ab\u00a0Les fonctions p\u00e9dagogiques dans les m\u00e9tiers de services adress\u00e9s \u00e0 autrui. Un invariant cach\u00e9 ?<br \/>\n<\/strong><strong><a href=\"http:\/\/cirnef.normandie-univ.fr\/wp-content\/uploads\/2023\/02\/Affiche-journee-detude-theme-2-CIRNEF-fonctions-pedagogiques-Piot-21-mars-2023.pdf\" target=\"_blank\" rel=\"noopener\">Programme<\/a>\n<p><\/p><\/strong>\n\t<strong>14 janvier 2022 : Journ\u00e9e d&rsquo;\u00e9tude \u00ab\u00a0Pratiques et enjeux des accompagnements \u00e0 la professionnalisation : quelles d\u00e9marches d&rsquo;intelligibilit\u00e9 du travail ?<br \/>\n<\/strong><strong><a href=\"http:\/\/cirnef.normandie-univ.fr\/wp-content\/uploads\/2022\/02\/flyer_Cirnef-journee-detude-theme-2-du-14-janvier-2022.pdf\" target=\"_blank\" rel=\"noopener\">Programme<\/a><br \/>\n<a href=\"https:\/\/www.canal-u.tv\/chaines\/cemu\/cirnef22-journee-etude-pratiques-et-enjeux-des-accompagnements\" target=\"_blank\" rel=\"noopener\">Revoir les conf\u00e9rences<\/a><\/strong>\n\n","protected":false},"excerpt":{"rendered":"<p>Responsables : Eric Saillot (Caen) et Richard Wittorski (Rouen) Membres : Enseignant.e.s-chercheur.e.s : E. Annoot (PU), P. Born (MCF), M. Boutrais (MCF), S. Demichel-Basnier (MCF), V. Desvages-Vasselin (MCF), N. Guirimand (MCF), E. Jacob (MCF), M. Laville (MCF HDR), A.-L. Le Guern (MCF), L. Leroyer (MCF), C. Mahieu (MCF), A. Pellissier-Fall (MCF), I. Pereira (PU), E. &hellip;<\/p>\n<p class=\"read-more\"> <a class=\"\" href=\"https:\/\/cirnef.normandie-univ.fr\/?page_id=2029\"> <span class=\"screen-reader-text\">Th\u00e8me 2 : Professionnalisation et professionnalit\u00e9s : espaces, temporalit\u00e9s et transformations<\/span> Lire la suite \u00bb<\/a><\/p>\n","protected":false},"author":24,"featured_media":0,"parent":0,"menu_order":0,"comment_status":"closed","ping_status":"closed","template":"","meta":{"site-sidebar-layout":"default","site-content-layout":"default","ast-global-header-display":"","ast-main-header-display":"","ast-hfb-above-header-display":"","ast-hfb-below-header-display":"","ast-hfb-mobile-header-display":"","site-post-title":"","ast-breadcrumbs-content":"","ast-featured-img":"","footer-sml-layout":"","theme-transparent-header-meta":"default","adv-header-id-meta":"","stick-header-meta":"default","header-above-stick-meta":"","header-main-stick-meta":"","header-below-stick-meta":"","footnotes":""},"coauthors":[217],"class_list":["post-2029","page","type-page","status-publish","hentry"],"_links":{"self":[{"href":"https:\/\/cirnef.normandie-univ.fr\/index.php?rest_route=\/wp\/v2\/pages\/2029","targetHints":{"allow":["GET"]}}],"collection":[{"href":"https:\/\/cirnef.normandie-univ.fr\/index.php?rest_route=\/wp\/v2\/pages"}],"about":[{"href":"https:\/\/cirnef.normandie-univ.fr\/index.php?rest_route=\/wp\/v2\/types\/page"}],"author":[{"embeddable":true,"href":"https:\/\/cirnef.normandie-univ.fr\/index.php?rest_route=\/wp\/v2\/users\/24"}],"replies":[{"embeddable":true,"href":"https:\/\/cirnef.normandie-univ.fr\/index.php?rest_route=%2Fwp%2Fv2%2Fcomments&post=2029"}],"version-history":[{"count":5,"href":"https:\/\/cirnef.normandie-univ.fr\/index.php?rest_route=\/wp\/v2\/pages\/2029\/revisions"}],"predecessor-version":[{"id":8435,"href":"https:\/\/cirnef.normandie-univ.fr\/index.php?rest_route=\/wp\/v2\/pages\/2029\/revisions\/8435"}],"wp:attachment":[{"href":"https:\/\/cirnef.normandie-univ.fr\/index.php?rest_route=%2Fwp%2Fv2%2Fmedia&parent=2029"}],"wp:term":[{"taxonomy":"author","embeddable":true,"href":"https:\/\/cirnef.normandie-univ.fr\/index.php?rest_route=%2Fwp%2Fv2%2Fcoauthors&post=2029"}],"curies":[{"name":"wp","href":"https:\/\/api.w.org\/{rel}","templated":true}]}}