{"id":1717,"date":"2019-05-03T10:28:08","date_gmt":"2019-05-03T08:28:08","guid":{"rendered":"http:\/\/cirnef.normandie-univ.fr\/?page_id=1717"},"modified":"2025-05-14T10:27:56","modified_gmt":"2025-05-14T08:27:56","slug":"miriam-aparicio","status":"publish","type":"page","link":"https:\/\/cirnef.normandie-univ.fr\/?page_id=1717","title":{"rendered":"Miriam APARICIO"},"content":{"rendered":"\n\n\t<h2>Identit\u00e9<\/h2>\n<h4>HDR Miriam APARICIO<\/h4>\nAdresse :<br \/>\nCONICET (Conseil National pour la Recherche Scientifique) (CNRS en France)<br \/>\nCCT. Parque General San Mart\u00edn<br \/>\nUniversidad Nacional de Cuyo<br \/>\n5500 Mendoza (Argentine)\nT\u00e9l :<br \/>\nEmail : <a href=\"mailto:miriamapar@yahoo.com\">miriamapar@yahoo.com<\/a><br \/>\nSite : <a href=\"http:\/\/www.conicet.gov.ar\">www.conicet.gov.ar<\/a>\n\t\t\t\t<a href=\"https:\/\/cirnef.normandie-univ.fr\/wp-content\/uploads\/2019\/05\/aparicio.png\" target=\"_self\" itemprop=\"url\">\n\t\t\t\t<img loading=\"lazy\" decoding=\"async\" src=\"https:\/\/cirnef.normandie-univ.fr\/wp-content\/uploads\/2019\/05\/aparicio.png\" alt=\"aparicio\" itemprop=\"image\" height=\"176\" width=\"144\" title=\"aparicio\" onerror=\"this.style.display='none'\"  \/>\n\t\t\t\t<\/a>\n\t<h2>Mots-cl\u00e9s<\/h2>\n<blockquote><p>Relation Formation \/ Emploi &#8211; Qualit\u00e9 de la formation &#8211; Facteurs psychosociaux et socioculturels qui influent sur la r\u00e9ussite universitaire en relation avec le monde du travail &#8211; Trajectoires professionnelles\u00a0: un jeu entre le plan macro, m\u00e9so et micro &#8211; Employabilit\u00e9 &#8211; Mobilit\u00e9 interg\u00e9n\u00e9rationnelle, sociale et professionnelle &#8211; Valeurs, comp\u00e9tences \u00ab\u00a0sociales\u00a0\u00bb, identit\u00e9s &#8211; Approches \u00e9pist\u00e9mologiques <em>sui generis <\/em>en relation avec la Formation et l&#8217;emploi en interaction.<\/p><\/blockquote>\n\t\t\t<a href=\"#\" id=\"fl-accordion--label-0\" tabindex=\"0\" aria-controls=\"fl-accordion--panel-0\">Pr\u00e9sentation<\/a>\n\t\t\t\t\t\t\t<a href=\"#\" id=\"fl-accordion--icon-0\" tabindex=\"0\" aria-controls=\"fl-accordion--panel-0\"><i>Collapse<\/i><\/a>\n\t\t<p><strong>Fonctions principales <\/strong><\/p>\n<p>Chercheur \u00ab\u00a0Principal\u00a0\u00bb du CONICET\u00a0; Professeur des universit\u00e9s, UNCuyo; Directeur du Laboratoire de Recherches en \u00c9ducation (LABOEDUC) et du LABOPSI, UNCuyo\u00a0; Coordinateur des Centres de recherche\u00a0: CAEDEM (UTN), CIEPMA (UNCuyo). Directeur de deux (2) programmes de 3<sup>e<\/sup> cycle a l&rsquo;UTN.<\/p>\n<p><strong>Activit\u00e9s acad\u00e9mico-scientifiques. <\/strong><\/p>\n<p>Professeur du 3<sup>e<\/sup> cycle invit\u00e9 \u00e0 plusieurs programmes de recherches (en Argentine et \u00e0 l&rsquo;\u00e9tranger). Elle a particip\u00e9 de plus de 400 congr\u00e8s en travaillant a <strong>trente-quatre (34) pays\u00a0(<\/strong>France, Italie, Espagne, Belgique, Venezuela, Mexique, Paraguay, Br\u00e9sil, Porto Rico, Chili, Colombie, Cuba, P\u00e9rou, Bolivie, Etats Unis, Pologne, Norv\u00e8ge, Chine, Chor\u00e9a du Sud, Autriche, R\u00e9publique tch\u00e8que, Congo, Tunisie, Canada, Lettonie, Cote de Marfil, Turquie, Croatie, Su\u00e8de, Finlande,&#8230;). Elle a \u00e9t\u00e9 \u00e9valuatrice des institutions, jury des commissions diverses, membre des comit\u00e9s scientifiques des congr\u00e8s et des revues index\u00e9es d&rsquo;Argentine, Chili, Mexique, Espagne, Portugal, Canada, France, Inde, Chine et, notamment, de <em>Journals <\/em>des \u00c9tats Unis (Au total, 74 \u00e9valuations). Synth\u00e8se\u00a0: \u00e9valuation de chercheurs= 85\u00a0; projets de recherche= 72, gestion \u00e9ditorial = 74\u00a0; \u00e9valuation institutionnelle =45\u00a0; d&rsquo;autre type d&rsquo;\u00e9valuation = 51 (BID, UNESCO\/OREALC, Banque mondiale, syst\u00e8me cubaine de science, Senescyt (Ecuador), Fondecyt (Chili), Conacyt (Paraguay, &#8230;). Elle a dirig\u00e9 plus de 50 projets de recherche avec financement. Formation des ressources humaines\u00a0: elle a dirig\u00e9 18 docteurs (au total, elle a form\u00e9 plus de 160 sujets du syst\u00e8me scientifique). Elle a effectu\u00e9 17\u00a0 s\u00e9jours de recherche \u00e0 l&rsquo;\u00e9tranger (gagn\u00e9s par concours).<\/p>\n<p><strong>Prix et distinctions<\/strong><\/p>\n<p>Au total = 54 distinctions. Notamment, <em>Who is who in the World of the Science<\/em>, London, 1997\u00a0; <em>The 500 Global Leaders for the New Century<\/em>, USA: The Millenium Edition, 2000 ; <strong>M\u00e9daille d&rsquo;Argent de la Soci\u00e9t\u00e9 d&rsquo;Encouragement au Progr\u00e8s<\/strong>, Senat fran\u00e7ais, 2001 et <strong>M\u00e9daille d&rsquo;Or,<\/strong> 2007. Membre de l&rsquo;<strong>Academia de Ciencias Sociales, <\/strong>2001 (Argentine)\u00a0; <strong>Academic Member of the Athens<\/strong> <strong>Institute for Education and Research (<\/strong>Athens), 2016. <strong>Membre de soci\u00e9t\u00e9s scientifiques:<\/strong> \u00c9tats Unis (APA IAAP, IUPSyS, ICCP, SIP); Mexique (AMEPSO); France (AIPTLF), etc<\/p>\n\t\t\t<a href=\"#\" id=\"fl-accordion--label-1\" tabindex=\"0\" aria-controls=\"fl-accordion--panel-1\">Publications r\u00e9centes<\/a>\n\t\t\t\t\t\t\t<a href=\"#\" id=\"fl-accordion--icon-1\" tabindex=\"0\" aria-controls=\"fl-accordion--panel-1\"><i>Expand<\/i><\/a>\n\t\t<p>Il est impossible signaler toutes les publications dans de revues index\u00e9es, notamment en anglais \u00e0 partir du 2012. Ci-joint, le CV extenso et un CV abr\u00e9g\u00e9. Synth\u00e8se\u00a0: 113 articles dans des revues index\u00e9es (pages 31-38 CV); 14 livres en 3 langues; 3 ouvrages comme compilateur dans des \u00e9ditoriaux de prestige (1 en fran\u00e7ais, 1 <em>Handbook<\/em> en anglais et 1 en espagnol\u00a0 (pages 39-41 CV); 41 chapitres: 13 en fran\u00e7ais, 14 en espagnol, 13 en anglais (pages 41-45 CV). De m\u00eame, 124 publications dans des Actes de congr\u00e8s internationaux (articles compl\u00e8tes); 188 publi\u00e9s comme R\u00e9sum\u00e9s dans des congres internationaux et 126 dans des congres nationaux) (pages 48-92 et 128-168). Une pr\u00e9occupation a \u00e9t\u00e9 centrale dans sa recherche : l&rsquo;am\u00e9lioration de la qualit\u00e9 des institutions \u00e9ducatives en d\u00e9gageant de nouvelles perspectives th\u00e9orico-m\u00e9thodologies, plus int\u00e9gratives. Celles-ci permettent la r\u00e9cup\u00e9ration des <em>processus organisationnels et humains <\/em>et pas seulement des <em>inputs<\/em> et <em>ouputs<\/em> (des r\u00e9sultats chiffr\u00e9s ou des statistiques, qui montrent des diagnostics d\u00e9munis de leur \u00ab\u00a0sens\u00a0\u00bb). Dans ce cadre, l&rsquo;analyse compr\u00e9hensive des facteurs\/dimensions qui impactent sur les <em>identit\u00e9s<\/em> et les <em>trajectoires<\/em> tant des \u00ab institutions \u00bb que des professionnels, sont devenus un axe de sa recherche pendant les derni\u00e8res ann\u00e9es. Elle a engendr\u00e9 une th\u00e9orie <em>sui generis<\/em> \u00ab\u00a0La spiral tridimensionnel du sens\u00a0\u00bb (2005, en anglais), qui propose l&rsquo;\u00e9tude des ph\u00e9nom\u00e8nes humains et sociaux en trois niveaux (macro social, m\u00e9so institutionnel et micro individuel). Ils interagissent dans un jeu \u00ab\u00a0auto soutenue\u00a0\u00bb, avec des effets tant positifs comme n\u00e9gatifs (effets pervers) sur les sujets, les organisations et le syst\u00e8me macro national.<\/p>\n\t\t\t<a href=\"#\" id=\"fl-accordion--label-2\" tabindex=\"0\" aria-controls=\"fl-accordion--panel-2\">Collaborations<\/a>\n\t\t\t\t\t\t\t<a href=\"#\" id=\"fl-accordion--icon-2\" tabindex=\"0\" aria-controls=\"fl-accordion--panel-2\"><i>Expand<\/i><\/a>\n\t\t<ol>\n<li><strong> France\u00a0: <\/strong>Mme Aparicio a d\u00e9velopp\u00e9e de nombreuses activit\u00e9s de collaboration dans le cadre du Cnam, l&rsquo;Universit\u00e9 Paris 8 et l&rsquo;Universit\u00e9 de Rouen<strong><em>. <\/em><\/strong>Notamment, parmi les laboratoires fran\u00e7ais &#8211; PRIS, CRF, CIVIIC, ESCOL, CIRCEFT &#8211; et le Laboratoire des recherches en \u00e9ducation, Argentine pour la mise en place des actions diverses (organisation et direction du Doctorat en \u00e9ducation argentin et du Master en Psychologie sociale, UNCuyo\u00a0avec codirection fran\u00e7aise; signature et renouvellement des accords cadre et sp\u00e9cifiques<em>\u00a0;<\/em> \u00e9changes et participation dans des cours). Aussi\u00a0: participation dans des recherches collectives LABEX-HasTec, comit\u00e9s scientifiques des revues, r\u00e9seaux de recherche, etc.). Elle a effectu\u00e9e des publications avec des coll\u00e8gues fran\u00e7ais (articles dans des revues \u00e0 comit\u00e9 de lecture, deux\u00a0 livres, publications dans des congr\u00e8s,..). Elle a fait la gestion pour la signature des accords cadre et sp\u00e9cifiques avec de laboratoires (CRF, Cnam; Paris 8; CIVIIC) et d&rsquo;autres associations fran\u00e7aises (i.e., Antene ABG).<\/li>\n<\/ol>\n<p><strong>\u00a0<\/strong><\/p>\n<ol start=\"2\">\n<li><strong> Collaborations avec d&rsquo;autres pays de l&rsquo;Europe\u00a0: <\/strong><strong>Espagne (<\/strong>UNED, Univ. de C\u00e1diz et de Barcelone)\u00a0; <strong>Italie (<\/strong>Univ. di Verona, Florence)\u00a0; <strong>Portugal (<\/strong>Univ. do Minho, Faro, Braga).<\/li>\n<\/ol>\n<p><strong>\u00a0<\/strong><\/p>\n<ol start=\"3\">\n<li><strong> Activit\u00e9s de collaborations avec d&rsquo;autres pays de l&rsquo;Ib\u00e9ro Am\u00e9rique\u00a0: <\/strong>Cuba, Colombie, Br\u00e9sil, Mexique, Paraguay, Costa Rica, Chili. Elle a engendr\u00e9 6 R\u00e9seaux de coop\u00e9ration internationale (en fonctionnement) et sign\u00e9 plus de 30 accords pour la mise en place de projets de recherche, \u00e9changes, mobilit\u00e9s, etc.<\/li>\n<\/ol>\n<p><strong>\u00a0<\/strong><\/p>\n<ol start=\"4\">\n<li><strong> Activit\u00e9s de collaborations nationales\u00a0: <\/strong>avec plus de trente universit\u00e9s argentines et avec des Organismes de Science dans des Programmes dirig\u00e9s par Mme Aparicio.<\/li>\n<\/ol>\n\n","protected":false},"excerpt":{"rendered":"<p>Identit\u00e9 HDR Miriam APARICIO Adresse : CONICET (Conseil National pour la Recherche Scientifique) (CNRS en France) CCT. Parque General San Mart\u00edn Universidad Nacional de Cuyo 5500 Mendoza (Argentine) T\u00e9l : Email : miriamapar@yahoo.com Site : www.conicet.gov.ar Mots-cl\u00e9s Relation Formation \/ Emploi &#8211; Qualit\u00e9 de la formation &#8211; Facteurs psychosociaux et socioculturels qui influent sur la &hellip;<\/p>\n<p class=\"read-more\"> <a class=\"\" href=\"https:\/\/cirnef.normandie-univ.fr\/?page_id=1717\"> <span class=\"screen-reader-text\">Miriam APARICIO<\/span> Lire la suite \u00bb<\/a><\/p>\n","protected":false},"author":75,"featured_media":0,"parent":0,"menu_order":0,"comment_status":"closed","ping_status":"closed","template":"","meta":{"site-sidebar-layout":"default","site-content-layout":"default","ast-global-header-display":"","ast-main-header-display":"","ast-hfb-above-header-display":"","ast-hfb-below-header-display":"","ast-hfb-mobile-header-display":"","site-post-title":"","ast-breadcrumbs-content":"","ast-featured-img":"","footer-sml-layout":"","theme-transparent-header-meta":"","adv-header-id-meta":"","stick-header-meta":"","header-above-stick-meta":"","header-main-stick-meta":"","header-below-stick-meta":"","footnotes":""},"coauthors":[],"class_list":["post-1717","page","type-page","status-publish","hentry"],"_links":{"self":[{"href":"https:\/\/cirnef.normandie-univ.fr\/index.php?rest_route=\/wp\/v2\/pages\/1717","targetHints":{"allow":["GET"]}}],"collection":[{"href":"https:\/\/cirnef.normandie-univ.fr\/index.php?rest_route=\/wp\/v2\/pages"}],"about":[{"href":"https:\/\/cirnef.normandie-univ.fr\/index.php?rest_route=\/wp\/v2\/types\/page"}],"author":[{"embeddable":true,"href":"https:\/\/cirnef.normandie-univ.fr\/index.php?rest_route=\/wp\/v2\/users\/75"}],"replies":[{"embeddable":true,"href":"https:\/\/cirnef.normandie-univ.fr\/index.php?rest_route=%2Fwp%2Fv2%2Fcomments&post=1717"}],"version-history":[{"count":1,"href":"https:\/\/cirnef.normandie-univ.fr\/index.php?rest_route=\/wp\/v2\/pages\/1717\/revisions"}],"predecessor-version":[{"id":7785,"href":"https:\/\/cirnef.normandie-univ.fr\/index.php?rest_route=\/wp\/v2\/pages\/1717\/revisions\/7785"}],"wp:attachment":[{"href":"https:\/\/cirnef.normandie-univ.fr\/index.php?rest_route=%2Fwp%2Fv2%2Fmedia&parent=1717"}],"wp:term":[{"taxonomy":"author","embeddable":true,"href":"https:\/\/cirnef.normandie-univ.fr\/index.php?rest_route=%2Fwp%2Fv2%2Fcoauthors&post=1717"}],"curies":[{"name":"wp","href":"https:\/\/api.w.org\/{rel}","templated":true}]}}