{"id":1626,"date":"2019-05-02T15:56:30","date_gmt":"2019-05-02T13:56:30","guid":{"rendered":"http:\/\/cirnef.normandie-univ.fr\/?page_id=1626"},"modified":"2025-05-14T14:37:37","modified_gmt":"2025-05-14T12:37:37","slug":"claire-jondeau","status":"publish","type":"page","link":"https:\/\/cirnef.normandie-univ.fr\/?page_id=1626","title":{"rendered":"Claire JONDEAU"},"content":{"rendered":"\n\n\t<h2>Identit\u00e9<\/h2>\n<h4>Mme Claire JONDEAU<\/h4>\nAdresse :<br \/>\nUniversit\u00e9 de Rouen Normandie<br \/>\nUFR des Sciences de l&rsquo;Homme et de la Soci\u00e9t\u00e9<br \/>\nRue Lavoisier<br \/>\n76321 MONT SAINT AIGNAN CEDEX\nT\u00e9l :<br \/>\nEmail : <a href=\"mailto:claire.jondeau@etu.univ-rouen.fr\"><em>claire.jondeau@etu.univ-rouen.fr<\/em><\/a>\n\t<h2>Informations<\/h2>\nInscrit en th\u00e8se depuis : 2016<br \/>\nLangue(s) pratiqu\u00e9e(s) : Fran\u00e7ais\n<p>Th\u00e8me de rattachement : <em>Th\u00e8me 2 : Professionnalit\u00e9(s) et professionnalisation : temporalit\u00e9s, espaces, transformations<\/em><\/p>\n<p>Titre de la th\u00e8se : Expertise de la personne accompagn\u00e9e : analyse situ\u00e9e de l&rsquo;inter-activit\u00e9 travailleur social-personne accompagn\u00e9e, en situation d&rsquo;accompagnement.<\/p>\n<p>Directeur de th\u00e8se : Richard WITTORSKI, PU \/ Michel G. J. BINET, PU (Portugal)<\/p>\n<p>&nbsp;<\/p>\n\t\t\t\t<a href=\"https:\/\/cirnef.normandie-univ.fr\/wp-content\/uploads\/2019\/04\/avatarfemme.jpg\" target=\"_self\" itemprop=\"url\">\n\t\t\t\t<img decoding=\"async\" src=\"http:\/\/cirnef.normandie-univ.fr\/wp-content\/uploads\/2019\/04\/avatarfemme.jpg\" alt=\"avatarfemme\" itemprop=\"image\" title=\"avatarfemme\" onerror=\"this.style.display='none'\"  \/>\n\t\t\t\t<\/a>\n\t\t\t<a href=\"#\" id=\"fl-accordion--label-0\" tabindex=\"0\" aria-controls=\"fl-accordion--panel-0\">Pr\u00e9sentation du projet de th\u00e8se<\/a>\n\t\t\t\t\t\t\t<a href=\"#\" id=\"fl-accordion--icon-0\" tabindex=\"0\" aria-controls=\"fl-accordion--panel-0\"><i>Collapse<\/i><\/a>\n\t\t<p>Mon projet de recherche doctoral, s&rsquo;inscrit dans les enjeux actuels du champ de la formation en travail social dans lequel j&rsquo;ai \u00e9t\u00e9 engag\u00e9e de part mon activit\u00e9 professionnelle depuis 25 ans. Dans un contexte de grandes mutations soci\u00e9tales, la formation des travailleurs sociaux est r\u00e9guli\u00e8rement interpell\u00e9e par l&rsquo;ensemble des acteurs, comme un \u00ab frein \u00bb \u00e0 l&rsquo;adaptation des professionnels aux besoins \u00ab du terrain \u00bb, mais aussi comme un outil fondamental des transformations n\u00e9cessaires aux pratiques sociales. <strong>En amont<\/strong>, et au coeur des enjeux sociaux pr\u00e9dominants de renforcement de la place et de l&rsquo;implication des pubics de l&rsquo;action sociale, <strong>se pose donc<\/strong>,  au-del\u00e0 des rh\u00e9toriques des diff\u00e9rents acteurs, <strong>la <\/strong><strong>question d&rsquo;une connaissance affin\u00e9e de l&rsquo;activit\u00e9  r\u00e9elle des intervenants sociaux et des b\u00e9n\u00e9ficiaires de l&rsquo;action sociale<\/strong>. Mon projet de th\u00e8se se propose, ainsi <strong>d&rsquo;explorer au sein de la diade &#8211; professionnel\/personne accompagn\u00e9e- en situation d&rsquo;accompagnement,<\/strong>  <strong>la question des savoirs\/de l&rsquo;expertise mobilis\u00e9s, et produits par notamment la personne accompagn\u00e9e :<\/strong> <em>comment l&rsquo;inter-activit\u00e9 de la situation d&rsquo;accompagnement agit sur la personne accompagn\u00e9e et sur le professionnel quant \u00e0 l&rsquo;expertise de chacun ? <\/em> Inscrite dans le courant scientifique de l&rsquo;analyse de l&rsquo;activit\u00e9 et privil\u00e9giant des perspectives exploratoires et compr\u00e9hensives ma th\u00e8se s&rsquo;appuiera sur un dispositif de recherche  incluant les acteurs engag\u00e9s simultan\u00e9ment dans les moments d&rsquo;activit\u00e9 qui seront identifi\u00e9s au cours du dispositif de recherche, afin d&rsquo;\u00eatre au plus proche de la complexit\u00e9  effective de cette interaction.<\/p>\n<p>&nbsp;<\/p>\n<h4>Mots-cl\u00e9s<\/h4>\n<blockquote><p>Accompagnement, Inter-activit\u00e9, Personnes accompagn\u00e9es, Professionnalisation, Travail Social.<\/p><\/blockquote>\n\t\t\t<a href=\"#\" id=\"fl-accordion--label-1\" tabindex=\"0\" aria-controls=\"fl-accordion--panel-1\">Publications<\/a>\n\t\t\t\t\t\t\t<a href=\"#\" id=\"fl-accordion--icon-1\" tabindex=\"0\" aria-controls=\"fl-accordion--panel-1\"><i>Expand<\/i><\/a>\n\t\t<p>Fostel., A. (s. d.). DECESF &#8211; Domaines de comp\u00e9tences 1 \u00e0 4 &#8211; Pr\u00e9paration compl\u00e8te pour r\u00e9ussir sa formation -Ed : Vuibert, 3\u00e8me \u00e9dition 2017-<\/p>\n\t\t\t<a href=\"#\" id=\"fl-accordion--label-2\" tabindex=\"0\" aria-controls=\"fl-accordion--panel-2\">Communications<\/a>\n\t\t\t\t\t\t\t<a href=\"#\" id=\"fl-accordion--icon-2\" tabindex=\"0\" aria-controls=\"fl-accordion--panel-2\"><i>Expand<\/i><\/a>\n\t\t<p><strong>Juillet 2013 : Communication <\/strong>dans le cadre des biennales de l&rsquo;AIFRIS &#8211; Lille &#8211; \u00ab Mise en \u0153uvre de modules transversaux dans les formations en travail social : quels impacts sur le processus de construction des compe\u0301tences et de l&rsquo;identite\u0301 professionnelle des apprenants \u00bb<\/p>\n<strong>Juillet 2010 : Communication <\/strong>dans le cadre des biennales de l&rsquo;UNAFORIS &#8211; Rennes &#8211;<br \/>\n\u00ab L&rsquo;approche du territoire, en formation, dans la zone Oce\u0301an Indien : Un voyage d&rsquo;e\u0301tude, support d&rsquo;apprentissage<strong>\u00bb.<\/strong>\n\t\t\t<a href=\"#\" id=\"fl-accordion--label-3\" tabindex=\"0\" aria-controls=\"fl-accordion--panel-3\">Collaborations<\/a>\n\t\t\t\t\t\t\t<a href=\"#\" id=\"fl-accordion--icon-3\" tabindex=\"0\" aria-controls=\"fl-accordion--panel-3\"><i>Expand<\/i><\/a>\n\t\t<p>Membre du GIS \u00ab HYBRIDA-IS \u00bb<\/p>\n\t\t\t<a href=\"#\" id=\"fl-accordion--label-4\" tabindex=\"0\" aria-controls=\"fl-accordion--panel-4\">Cours dispens\u00e9s<\/a>\n\t\t\t\t\t\t\t<a href=\"#\" id=\"fl-accordion--icon-4\" tabindex=\"0\" aria-controls=\"fl-accordion--panel-4\"><i>Expand<\/i><\/a>\n\t\t\t<a href=\"#\" id=\"fl-accordion--label-5\" tabindex=\"0\" aria-controls=\"fl-accordion--panel-5\">Prix, bourses, etc&#8230;<\/a>\n\t\t\t\t\t\t\t<a href=\"#\" id=\"fl-accordion--icon-5\" tabindex=\"0\" aria-controls=\"fl-accordion--panel-5\"><i>Expand<\/i><\/a>\n\n","protected":false},"excerpt":{"rendered":"<p>Identit\u00e9 Mme Claire JONDEAU Adresse : Universit\u00e9 de Rouen Normandie UFR des Sciences de l&rsquo;Homme et de la Soci\u00e9t\u00e9 Rue Lavoisier 76321 MONT SAINT AIGNAN CEDEX T\u00e9l : Email : claire.jondeau@etu.univ-rouen.fr Informations Inscrit en th\u00e8se depuis : 2016 Langue(s) pratiqu\u00e9e(s) : Fran\u00e7ais Th\u00e8me de rattachement : Th\u00e8me 2 : Professionnalit\u00e9(s) et professionnalisation : temporalit\u00e9s, espaces, &hellip;<\/p>\n<p class=\"read-more\"> <a class=\"\" href=\"https:\/\/cirnef.normandie-univ.fr\/?page_id=1626\"> <span class=\"screen-reader-text\">Claire JONDEAU<\/span> Lire la suite \u00bb<\/a><\/p>\n","protected":false},"author":64,"featured_media":0,"parent":0,"menu_order":0,"comment_status":"closed","ping_status":"closed","template":"","meta":{"site-sidebar-layout":"default","site-content-layout":"default","ast-global-header-display":"","ast-main-header-display":"","ast-hfb-above-header-display":"","ast-hfb-below-header-display":"","ast-hfb-mobile-header-display":"","site-post-title":"","ast-breadcrumbs-content":"","ast-featured-img":"","footer-sml-layout":"","theme-transparent-header-meta":"","adv-header-id-meta":"","stick-header-meta":"","header-above-stick-meta":"","header-main-stick-meta":"","header-below-stick-meta":"","footnotes":""},"coauthors":[],"class_list":["post-1626","page","type-page","status-publish","hentry"],"_links":{"self":[{"href":"https:\/\/cirnef.normandie-univ.fr\/index.php?rest_route=\/wp\/v2\/pages\/1626","targetHints":{"allow":["GET"]}}],"collection":[{"href":"https:\/\/cirnef.normandie-univ.fr\/index.php?rest_route=\/wp\/v2\/pages"}],"about":[{"href":"https:\/\/cirnef.normandie-univ.fr\/index.php?rest_route=\/wp\/v2\/types\/page"}],"author":[{"embeddable":true,"href":"https:\/\/cirnef.normandie-univ.fr\/index.php?rest_route=\/wp\/v2\/users\/64"}],"replies":[{"embeddable":true,"href":"https:\/\/cirnef.normandie-univ.fr\/index.php?rest_route=%2Fwp%2Fv2%2Fcomments&post=1626"}],"version-history":[{"count":1,"href":"https:\/\/cirnef.normandie-univ.fr\/index.php?rest_route=\/wp\/v2\/pages\/1626\/revisions"}],"predecessor-version":[{"id":7827,"href":"https:\/\/cirnef.normandie-univ.fr\/index.php?rest_route=\/wp\/v2\/pages\/1626\/revisions\/7827"}],"wp:attachment":[{"href":"https:\/\/cirnef.normandie-univ.fr\/index.php?rest_route=%2Fwp%2Fv2%2Fmedia&parent=1626"}],"wp:term":[{"taxonomy":"author","embeddable":true,"href":"https:\/\/cirnef.normandie-univ.fr\/index.php?rest_route=%2Fwp%2Fv2%2Fcoauthors&post=1626"}],"curies":[{"name":"wp","href":"https:\/\/api.w.org\/{rel}","templated":true}]}}