{"id":1388,"date":"2019-04-30T17:09:09","date_gmt":"2019-04-30T15:09:09","guid":{"rendered":"http:\/\/cirnef.normandie-univ.fr\/?page_id=1388"},"modified":"2025-05-14T11:28:47","modified_gmt":"2025-05-14T09:28:47","slug":"jean-houssaye-2","status":"publish","type":"page","link":"https:\/\/cirnef.normandie-univ.fr\/?page_id=1388","title":{"rendered":"Jean HOUSSAYE"},"content":{"rendered":"\n\n\t\t\t\t<a href=\"https:\/\/cirnef.normandie-univ.fr\/wp-content\/uploads\/2019\/05\/houssaye.jpg\" target=\"_self\" itemprop=\"url\">\n\t\t\t\t<img loading=\"lazy\" decoding=\"async\" src=\"https:\/\/cirnef.normandie-univ.fr\/wp-content\/uploads\/2019\/05\/houssaye.jpg\" alt=\"PORTRAIT DE JEAN HOUSSAYE , DIRECTEUR DE CENTRE DE VACANCES IROISE ARMORIQUE ( FINISTERE ) ET CHERCHEUR EN SCIENCE DE L &#039; EDUCATION A L &#039; UNIVERSITE DE ROUEN .\nCET ANCIEN SITE DE L &#039; AEROSPATIALE AVAIT ETE RACHETE PAR LE COMMUNE DE LOC - MARIA PLOUZANE EN 1998 POUR Y POURSUIVRE DES ACTIVITES DE LOISIRS ET COLONIES DE VACANCES MAIS SUITE AU CHANGEMENT DU CONSEIL  MUNICIPAL UN PROJET DE PROMOTEUR IMMOBILIER RISQUE DE FAIRE DISPARAITRE LE LIEU D &#039; ACCUEIL POUR LES ENFANTS .\" itemprop=\"image\" height=\"1637\" width=\"2456\" title=\"DAD020718 LaVie Colo\" onerror=\"this.style.display='none'\"  \/>\n\t\t\t\t<\/a>\n\t<h2>Identit\u00e9<\/h2>\n<h4>Pr \u00c9m\u00e9rite Jean HOUSSAYE<\/h4>\nAdresse :<br \/>\nUniversit\u00e9 de Rouen Normandie<br \/>\nUFR des Sciences de l&rsquo;Homme et de la Soci\u00e9t\u00e9<br \/>\nRue Lavoisier<br \/>\n76321 MONT SAINT AIGNAN CEDEX\nT\u00e9l :<br \/>\nEmail : <a href=\"http:\/\/cirnef.normandie-univ.fr\/jean.houssaye@univ-rouen.fr\">jean.houssaye@univ-rouen.fr<\/a><br \/>\nCV :\n\t<h2>Mots-cl\u00e9s<\/h2>\n<blockquote><p>P\u00e9dagogie, Histoire des id\u00e9es p\u00e9dagogiques, Philosophie de l&rsquo;\u00e9ducation, Loisirs des enfants<\/p><\/blockquote>\n\t\t\t<a href=\"#\" id=\"fl-accordion--label-0\" tabindex=\"0\" aria-controls=\"fl-accordion--panel-0\">Pr\u00e9sentation<\/a>\n\t\t\t\t\t\t\t<a href=\"#\" id=\"fl-accordion--icon-0\" tabindex=\"0\" aria-controls=\"fl-accordion--panel-0\"><i>Collapse<\/i><\/a>\n\t\t<p>1 &#8211;\u00a0<em>Travail historique de recherches monographiques sur les p\u00e9dagogues et la p\u00e9dagogie.<\/em>\u00a0Outre deux ouvrages consacr\u00e9s enti\u00e8rement \u00e0 un p\u00e9dagogue (Deligny, Korczak), j&rsquo;ai tent\u00e9 de faire \u0153uvre de p\u00e9dagogue en tant que praticien-th\u00e9oricien de l&rsquo;\u00e9ducation dans l&rsquo;enseignement et en centre de vacances. Cinq ouvrages (\u00ab\u00a0 Le triangle p\u00e9dagogique\u00a0\u00bb &#8211; 1988, \u00ab\u00a0Pratiques p\u00e9dagogiques\u00a0\u00bb &#8211; 1988, \u00ab\u00a0Le triangle p\u00e9dagogique. Les diff\u00e9rentes facettes de la p\u00e9dagogie\u00a0\u00bb, &#8211; 2014, \u00ab\u00a0Et pourquoi que les colos, elles sont pas comme \u00e7a\u00a0?\u00a0\u00bb -1995, \u00ab\u00a0C&rsquo;est beau comme une colo. La socialisation en centre de vacances\u00a0\u00bb -2005) ont poursuivi la pr\u00e9sentation de l&rsquo;histoire et de la situation des centres de vacances (2009).<\/p>\n<p>2 &#8211;\u00a0<em>Travail de diffusion des id\u00e9es p\u00e9dagogiques \u00e0 travers les figures.<\/em>\u00a0J&rsquo;ai coordonn\u00e9, dans la ligne d&rsquo;ouvrages ant\u00e9rieurs, un ouvrage collectif consacr\u00e9 aux \u00ab\u00a0Premiers p\u00e9dagogues\u00a0: de l&rsquo;Antiquit\u00e9 \u00e0 la Renaissance\u00a0\u00bb, o\u00f9 une quinzaine de chercheurs de plusieurs pays ont pr\u00e9sent\u00e9 ceux que l&rsquo;on peut consid\u00e9rer comme p\u00e9dagogues. Cet ouvrage, qui a prolong\u00e9 les ouvrages \u00ab\u00a0Quinze p\u00e9dagogues\u00a0\u00bb en 1994 et \u00ab\u00a0P\u00e9dagogues contemporains\u00a0\u00bb en 1996, a \u00e9t\u00e9 suivi en 2007 d&rsquo;un autre ouvrage sur les \u00ab\u00a0Nouveaux p\u00e9dagogues\u00a0\u00bb (2 tomes) et en 2008 et 2009 d&rsquo;un ouvrage consacr\u00e9 aux \u00ab\u00a0Femmes p\u00e9dagogues\u00a0\u00bb (2 tomes).<\/p>\n<p>3 &#8211;\u00a0<em>Travail de clarification \u00e9pist\u00e9mologique du terme \u00ab\u00a0p\u00e9dagogue\u00a0\u00bb et du concept de p\u00e9dagogie au sein des sciences de l&rsquo;\u00e9ducation.<\/em>\u00a0Apr\u00e8s des ouvrages sur les valeurs \u00e0 l&rsquo;\u00e9cole (1992) et sur l&rsquo;autorit\u00e9 en \u00e9ducation (1996), j&rsquo;ai eu le souci, dans un ouvrage\u00a0 coordonn\u00e9 avec trois autres coll\u00e8gues, de d\u00e9finir la place et la sp\u00e9cificit\u00e9 des p\u00e9dagogues (\u00ab\u00a0Manifeste pour les p\u00e9dagogues\u00a0\u00bb &#8211; 2002). Et j&rsquo;ai pu interroger, dans un autre ouvrage, l&rsquo;histoire et l&rsquo;\u00e9volution des sciences de l&rsquo;\u00e9ducation \u00e0 travers les notions de bons et mauvais professeurs, de bons et de mauvais \u00e9l\u00e8ves (2001). Enfin \u00a0un travail d&rsquo;interrogation et de clarification de la notion de p\u00e9dagogie traditionnelle a \u00e9t\u00e9 publi\u00e9 en 2014.<\/p>\n\t<h1>Publications et Communications<\/h1>\n\t\t\t\t\t<a href=\"#\" id=\"fl-tabs--label-0\" data-index=\"0\" aria-selected=\"true\" aria-controls=\"fl-tabs--panel-0\" aria-expanded=\"true\" role=\"tab\" tabindex=\"0\">\t\t\t\tACL\t\t\t<\/a>\n\t\t\t\t\t<a href=\"#\" id=\"fl-tabs--label-1\" data-index=\"1\" aria-selected=\"false\" aria-controls=\"fl-tabs--panel-1\" aria-expanded=\"false\" role=\"tab\" tabindex=\"0\">\t\t\t\tACLN\t\t\t<\/a>\n\t\t\t\t\t<a href=\"#\" id=\"fl-tabs--label-2\" data-index=\"2\" aria-selected=\"false\" aria-controls=\"fl-tabs--panel-2\" aria-expanded=\"false\" role=\"tab\" tabindex=\"0\">\t\t\t\tASCL\t\t\t<\/a>\n\t\t\t\t\t<a href=\"#\" id=\"fl-tabs--label-3\" data-index=\"3\" aria-selected=\"false\" aria-controls=\"fl-tabs--panel-3\" aria-expanded=\"false\" role=\"tab\" tabindex=\"0\">\t\t\t\tOS\t\t\t<\/a>\n\t\t\t\t\t<a href=\"#\" id=\"fl-tabs--label-4\" data-index=\"4\" aria-selected=\"false\" aria-controls=\"fl-tabs--panel-4\" aria-expanded=\"false\" role=\"tab\" tabindex=\"0\">\t\t\t\tCOS\t\t\t<\/a>\n\t\t\t\t\t<a href=\"#\" id=\"fl-tabs--label-5\" data-index=\"5\" aria-selected=\"false\" aria-controls=\"fl-tabs--panel-5\" aria-expanded=\"false\" role=\"tab\" tabindex=\"0\">\t\t\t\tPT\t\t\t<\/a>\n\t\t\t\t\t<a href=\"#\" id=\"fl-tabs--label-6\" data-index=\"6\" aria-selected=\"false\" aria-controls=\"fl-tabs--panel-6\" aria-expanded=\"false\" role=\"tab\" tabindex=\"0\">\t\t\t\tBRE\t\t\t<\/a>\n\t\t\t\t\t<a href=\"#\" id=\"fl-tabs--label-7\" data-index=\"7\" aria-selected=\"false\" aria-controls=\"fl-tabs--panel-7\" aria-expanded=\"false\" role=\"tab\" tabindex=\"0\">\t\t\t\tC-INV\t\t\t<\/a>\n\t\t\t\t\t<a href=\"#\" id=\"fl-tabs--label-8\" data-index=\"8\" aria-selected=\"false\" aria-controls=\"fl-tabs--panel-8\" aria-expanded=\"false\" role=\"tab\" tabindex=\"0\">\t\t\t\tC-ACTI\t\t\t<\/a>\n\t\t\t\t\t<a href=\"#\" id=\"fl-tabs--label-9\" data-index=\"9\" aria-selected=\"false\" aria-controls=\"fl-tabs--panel-9\" aria-expanded=\"false\" role=\"tab\" tabindex=\"0\">\t\t\t\tC-ACTN\t\t\t<\/a>\n\t\t\t\t\t<a href=\"#\" id=\"fl-tabs--label-10\" data-index=\"10\" aria-selected=\"false\" aria-controls=\"fl-tabs--panel-10\" aria-expanded=\"false\" role=\"tab\" tabindex=\"0\">\t\t\t\tC-COM\t\t\t<\/a>\n\t\t\t\t\t<a href=\"#\" id=\"fl-tabs--label-11\" data-index=\"11\" aria-selected=\"false\" aria-controls=\"fl-tabs--panel-11\" aria-expanded=\"false\" role=\"tab\" tabindex=\"0\">\t\t\t\tC-AFF\t\t\t<\/a>\n\t\t\t\t\t<a href=\"#\" id=\"fl-tabs--label-12\" data-index=\"12\" aria-selected=\"false\" aria-controls=\"fl-tabs--panel-12\" aria-expanded=\"false\" role=\"tab\" tabindex=\"0\">\t\t\t\tDO\t\t\t<\/a>\n\t\t\t\t\t<a href=\"#\" id=\"fl-tabs--label-13\" data-index=\"13\" aria-selected=\"false\" aria-controls=\"fl-tabs--panel-13\" aria-expanded=\"false\" role=\"tab\" tabindex=\"0\">\t\t\t\tOR\t\t\t<\/a>\n\t\t\t\t\t<a href=\"#\" id=\"fl-tabs--label-14\" data-index=\"14\" aria-selected=\"false\" aria-controls=\"fl-tabs--panel-14\" aria-expanded=\"false\" role=\"tab\" tabindex=\"0\">\t\t\t\tPV\t\t\t<\/a>\n\t\t\t\t\t<a href=\"#\" id=\"fl-tabs--label-15\" data-index=\"15\" aria-selected=\"false\" aria-controls=\"fl-tabs--panel-15\" aria-expanded=\"false\" role=\"tab\" tabindex=\"0\">\t\t\t\tPAT\t\t\t<\/a>\n\t\t\t\t\t<a href=\"#\" id=\"fl-tabs--label-16\" data-index=\"16\" aria-selected=\"false\" aria-controls=\"fl-tabs--panel-16\" aria-expanded=\"false\" role=\"tab\" tabindex=\"0\">\t\t\t\tAP\t\t\t<\/a>\n\t\t\t\t\t<a href=\"#\" id=\"fl-tabs--label-17\" data-index=\"17\" aria-selected=\"false\" aria-controls=\"fl-tabs--panel-17\" aria-expanded=\"false\" role=\"tab\" tabindex=\"0\">\t\t\t\tTH\t\t\t<\/a>\n\t\t\t\tACL\n\t\t\t\t\t\t\t<p><strong>Articles dans des revues internationales ou nationales avec comit\u00e9 de lecture r\u00e9pertori\u00e9es par l&rsquo;HCERES ou dans les bases de donn\u00e9es internationales (ISI Web of Knowledge, Pub Med, Scopus&#8230;).<\/strong><\/p>\n<p>&nbsp;<\/p>\n<p><strong><em>Ouvrages parus<\/em><\/strong><\/p>\n<ul>\n<li><em>La p\u00e9dagogie traditionnelle. Une histoire de la p\u00e9dagogie. Suivi de Petite histoire des savoirs sur l&rsquo;\u00e9ducation<\/em>, Paris, Editions Fabert, 2014<\/li>\n<li><em>Le triangle p\u00e9dagogique. Les facettes de la\u00a0 p\u00e9dagogie<\/em>, Issy-les-Moulineaux, ESF, 2014<\/li>\n<\/ul>\n<p><strong><em>Direction d&rsquo;ouvrages<\/em><\/strong><\/p>\n<ul>\n<li><em>Accueils collectifs de mineurs : recherches<\/em>, Vigneux sur Seine, Matrice, 2012<\/li>\n<li><em>Quinze p\u00e9dagogues. Id\u00e9es principales et textes choisis<\/em>, Paris, Editions Fabert, 2013<\/li>\n<li><em>P\u00e9dagogues contemporains. Id\u00e9es principales et textes choisis<\/em>, Paris, Editions Fabert, 2013<\/li>\n<li><em>Quinze pedagogos. Textos selecionados<\/em>, Rio de Janeiro, DP\u00a0<em>et Alii<\/em>, 2013<\/li>\n<\/ul>\n<p><em>Contributions \u00e0 des ouvrages collectifs<\/em><\/p>\n<ul>\n<li>\u00ab\u00a0Introduction\u00a0\u00bb \u00e0\u00a0<em>Accueils collectifs de mineurs : recherches<\/em>, Vigneux sur Seine, Matrice, 2012<\/li>\n<li>\u00ab\u00a0Les colos de Korczak\u00a0\u00bb, in\u00a0<em>Accueils collectifs de mineurs : recherches<\/em>, Vigneux sur Seine, Matrice, 2012<\/li>\n<li>\u00ab\u00a0Restaurer la p\u00e9dagogie traditionnelle ?\u00a0\u00bb, in\u00a0<em>Grandes controverses en \u00e9ducation<\/em>, sous la direction de A. Vergnioux, Berne, Peter Lang, 2013<\/li>\n<li>\u00ab\u00a0Oi eikones t\u00e8s metados\u00e8s\u00a0\u00bb, in\u00a0<em>La Recherche en Sciences de l&rsquo;Education<\/em>, Universit\u00e9 de la mer Eg\u00e9e, Rhodes, DPESED, 2014<\/li>\n<li>\u00ab\u00a0Le temps de la th\u00e8se\u00a0\u00bb, in\u00a0<em>Le roman d&rsquo;un chercheur<\/em>, de M. Melyani, Paris, L&rsquo;Harmattan, 2015<\/li>\n<li>\u00ab\u00a0Le h\u00e9raut des h\u00e9ros ou le p\u00e9dagogue des p\u00e9dagogues\u00a0\u00bb, in\u00a0<em>O\u00f9 vont les p\u00e9dagogues ?\u00a0 Philippe Meirieu et la p\u00e9dagogie<\/em>, de J. Rakovitch (direction), Issy-les-Moulineaux, ESF \u00e9diteur, 2015<\/li>\n<\/ul>\n<p><strong><em>Articles dans des revues \u00e0 comit\u00e9 de lecture<\/em><\/strong><\/p>\n<ul>\n<li>\u00ab\u00a0La gestion p\u00e9dagogique des diff\u00e9rences entre les \u00e9l\u00e8ves\u00a0\u00bb, in\u00a0<em>Carrefours de l&rsquo;\u00e9ducation<\/em>, Amiens, 2012,\u00a0<em>34<\/em><\/li>\n<li>\u00ab\u00a0Rencontres scientifiques, rencontres affectives : partenariats, amiti\u00e9s et autres bonnes affaires\u00a0\u00bb, in\u00a0<em>Revista Teias<\/em>, Rio de Janeiro, ProPED\/UERJ, 2012, vol. 13,\u00a0<em>29<\/em>\u00a0(avec S. Gasse)<\/li>\n<li>\u00ab\u00a0Former \u00e0 la p\u00e9dagogie : oui, mais comment ?\u00a0\u00bb, in\u00a0<em>Penser l&rsquo;\u00e9ducation<\/em>, Rouen, CIVIIC, 2012,\u00a0<em>32<\/em><\/li>\n<li>\u00ab\u00a0L&rsquo;autorit\u00e9 ne passera pas\u00a0\u00bb, in\u00a0<em>Recherche et formation<\/em>, Lyon, 2013,\u00a0<em>71<\/em><\/li>\n<li>\u00ab\u00a0O curso magistral : natureza e ilusoes\u00a0\u00bb, in\u00a0\u00a0<em>Revista Teias<\/em>, Rio de Janeiro, ProPED\/UERJ, 2014<\/li>\n<li>\u00ab\u00a0Formar en pedagog\u00eda: S\u00ed, \u00bfpero c\u00f3mo?\u00a0\u00bb, in\u00a0<em>Revista Estudios Pedagogicos<\/em>, Valdivia, Chili, 2014,\u00a0<em>40<\/em><\/li>\n<\/ul>\n<p><em>&#8211;\u00a0<\/em>\u00ab\u00a0La p\u00e9dagogie universitaire\u00a0\u00bb<em>, i<\/em>n\u00a0<em>frantice.net,\u00a0<\/em>Universit\u00e9 de Limoges &#8211; AUF, 2016,<em>\u00a012-13<\/em><\/p>\n<p><strong><em>Publications dans des colloques \u00e0 comit\u00e9 scientifique<\/em><\/strong><\/p>\n<ul>\n<li>\u00ab\u00a0L&rsquo;origine des philosophes de l&rsquo;\u00e9ducation en France\u00a0\u00bb, colloque \u00ab\u00a0<em>1\u00b0 Encontro Franco-Brasileiro de Filosofia da Educa\u00e7ao<\/em>\u00a0\u00bb, Recife, Universidade Federal de Pernammbuco, 2012<\/li>\n<li>\u00ab\u00a0Le cours magistral : nature et illusions\u00a0\u00bb, colloque \u00ab\u00a0<em>As redes educativas e as tecnologias : transforma\u00e7oes e subversoes na atualidade<\/em>\u00a0\u00bb, Rio de Janeiro, UERJ, 2013<\/li>\n<li>\u00ab\u00a0Girard : un grand\u00a0 p\u00e9dagogue ?\u00a0\u00bb,<em>\u00a0\u00ab\u00a0Colloque Girard 2015\u00a0\u00bb,\u00a0<\/em>Universit\u00e9 de Fribourg (Suisse), 2017<\/li>\n<\/ul>\n\t\t\t\tACLN\n\t\t\t\t\t\t\t<p><strong>Articles dans des revues avec comit\u00e9 de lecture non r\u00e9pertori\u00e9es par l&rsquo;HCERES ou dans des bases de donn\u00e9es internationales.<\/strong><\/p>\n\t\t\t\tASCL\n\t\t\t\t\t\t\t<p><strong>Articles dans des revues sans comit\u00e9 de lecture.<\/strong><\/p>\n\t\t\t\tOS\n\t\t\t\t\t\t\t<p><strong>Ouvrages scientifiques (y compris les \u00e9ditions critiques et les traductions scientifiques)<\/strong><\/p>\n\t\t\t\tCOS\n\t\t\t\t\t\t\t<p><strong>Chapitres d&rsquo;ouvrages scientifiques<\/strong><\/p>\n\t\t\t\tPT\n\t\t\t\t\t\t\t<p><strong>Publications de transfert.<\/strong><\/p>\n\t\t\t\tBRE\n\t\t\t\t\t\t\t<p><strong>Brevets<\/strong><\/p>\n\t\t\t\tC-INV\n\t\t\t\t\t\t\t<p><strong>Conf\u00e9rences donn\u00e9es \u00e0 l&rsquo;invitation du Comit\u00e9 d&rsquo;organisation dans un congr\u00e8s national ou international.<\/strong><\/p>\n\t\t\t\tC-ACTI\n\t\t\t\t\t\t\t<p><strong>Communications avec actes dans un congr\u00e8s international.<\/strong><\/p>\n\t\t\t\tC-ACTN\n\t\t\t\t\t\t\t<p><strong>Communications avec actes dans un congr\u00e8s national.<\/strong><\/p>\n\t\t\t\tC-COM\n\t\t\t\t\t\t\t<p><strong>Communications orales sans actes dans un congr\u00e8s international ou national.<\/strong><\/p>\n\t\t\t\tC-AFF\n\t\t\t\t\t\t\t<p><strong>Communications par affiche dans un congr\u00e8s international ou national.<\/strong><\/p>\n\t\t\t\tDO\n\t\t\t\t\t\t\t<p><strong>Directions d&rsquo;ouvrages ou de revues.<\/strong><\/p>\n\t\t\t\tOR\n\t\t\t\t\t\t\t<p><strong>Outils de recherche (bases de donn\u00e9es, corpus de recherche&#8230;).<\/strong><\/p>\n\t\t\t\tPV\n\t\t\t\t\t\t\t<p><strong>Publications de vulgarisation.<\/strong><\/p>\n\t\t\t\tPAT\n\t\t\t\t\t\t\t<p><strong>Productions artistiques th\u00e9oris\u00e9es (compositions musicales, cin\u00e9matographiques, expositions, installations&#8230;).<\/strong><\/p>\n\t\t\t\tAP\n\t\t\t\t\t\t\t<p><strong>Autres productions. Bases de donn\u00e9es, logiciels enregistr\u00e9s, comptes rendus d&rsquo;ouvrages, rapports de fouilles, guides techniques, catalogues d&rsquo;exposition, rapports interm\u00e9diaires de grands projets internationaux, etc.<\/strong><\/p>\n\t\t\t\tTH\n\t\t\t\t\t\t\t<p><strong>Th\u00e8ses de doctorat<\/strong><\/p>\n\t\t\t<a href=\"#\" id=\"fl-accordion--label-0\" tabindex=\"0\" aria-controls=\"fl-accordion--panel-0\">Programmes de recherche<\/a>\n\t\t\t\t\t\t\t<a href=\"#\" id=\"fl-accordion--icon-0\" tabindex=\"0\" aria-controls=\"fl-accordion--panel-0\"><i>Expand<\/i><\/a>\n\t\t\t<a href=\"#\" id=\"fl-accordion--label-1\" tabindex=\"0\" aria-controls=\"fl-accordion--panel-1\">Enseignements et Formations<\/a>\n\t\t\t\t\t\t\t<a href=\"#\" id=\"fl-accordion--icon-1\" tabindex=\"0\" aria-controls=\"fl-accordion--panel-1\"><i>Expand<\/i><\/a>\n\t\t\t<a href=\"#\" id=\"fl-accordion--label-2\" tabindex=\"0\" aria-controls=\"fl-accordion--panel-2\">Autres activit\u00e9s<\/a>\n\t\t\t\t\t\t\t<a href=\"#\" id=\"fl-accordion--icon-2\" tabindex=\"0\" aria-controls=\"fl-accordion--panel-2\"><i>Expand<\/i><\/a>\n\n","protected":false},"excerpt":{"rendered":"<p>Identit\u00e9 Pr \u00c9m\u00e9rite Jean HOUSSAYE Adresse : Universit\u00e9 de Rouen Normandie UFR des Sciences de l&rsquo;Homme et de la Soci\u00e9t\u00e9 Rue Lavoisier 76321 MONT SAINT AIGNAN CEDEX T\u00e9l : Email : jean.houssaye@univ-rouen.fr CV : Mots-cl\u00e9s P\u00e9dagogie, Histoire des id\u00e9es p\u00e9dagogiques, Philosophie de l&rsquo;\u00e9ducation, Loisirs des enfants Pr\u00e9sentation Collapse 1 &#8211;\u00a0Travail historique de recherches monographiques sur &hellip;<\/p>\n<p class=\"read-more\"> <a class=\"\" href=\"https:\/\/cirnef.normandie-univ.fr\/?page_id=1388\"> <span class=\"screen-reader-text\">Jean HOUSSAYE<\/span> Lire la suite \u00bb<\/a><\/p>\n","protected":false},"author":25,"featured_media":0,"parent":0,"menu_order":0,"comment_status":"closed","ping_status":"closed","template":"","meta":{"site-sidebar-layout":"default","site-content-layout":"default","ast-global-header-display":"","ast-main-header-display":"","ast-hfb-above-header-display":"","ast-hfb-below-header-display":"","ast-hfb-mobile-header-display":"","site-post-title":"","ast-breadcrumbs-content":"","ast-featured-img":"","footer-sml-layout":"","theme-transparent-header-meta":"","adv-header-id-meta":"","stick-header-meta":"","header-above-stick-meta":"","header-main-stick-meta":"","header-below-stick-meta":"","footnotes":""},"coauthors":[],"class_list":["post-1388","page","type-page","status-publish","hentry"],"_links":{"self":[{"href":"https:\/\/cirnef.normandie-univ.fr\/index.php?rest_route=\/wp\/v2\/pages\/1388","targetHints":{"allow":["GET"]}}],"collection":[{"href":"https:\/\/cirnef.normandie-univ.fr\/index.php?rest_route=\/wp\/v2\/pages"}],"about":[{"href":"https:\/\/cirnef.normandie-univ.fr\/index.php?rest_route=\/wp\/v2\/types\/page"}],"author":[{"embeddable":true,"href":"https:\/\/cirnef.normandie-univ.fr\/index.php?rest_route=\/wp\/v2\/users\/25"}],"replies":[{"embeddable":true,"href":"https:\/\/cirnef.normandie-univ.fr\/index.php?rest_route=%2Fwp%2Fv2%2Fcomments&post=1388"}],"version-history":[{"count":1,"href":"https:\/\/cirnef.normandie-univ.fr\/index.php?rest_route=\/wp\/v2\/pages\/1388\/revisions"}],"predecessor-version":[{"id":7809,"href":"https:\/\/cirnef.normandie-univ.fr\/index.php?rest_route=\/wp\/v2\/pages\/1388\/revisions\/7809"}],"wp:attachment":[{"href":"https:\/\/cirnef.normandie-univ.fr\/index.php?rest_route=%2Fwp%2Fv2%2Fmedia&parent=1388"}],"wp:term":[{"taxonomy":"author","embeddable":true,"href":"https:\/\/cirnef.normandie-univ.fr\/index.php?rest_route=%2Fwp%2Fv2%2Fcoauthors&post=1388"}],"curies":[{"name":"wp","href":"https:\/\/api.w.org\/{rel}","templated":true}]}}