{"id":125,"date":"2018-12-03T14:43:19","date_gmt":"2018-12-03T13:43:19","guid":{"rendered":"http:\/\/localhost\/cirnef_wp\/?page_id=125"},"modified":"2026-03-20T09:30:01","modified_gmt":"2026-03-20T08:30:01","slug":"membres-associes","status":"publish","type":"page","link":"https:\/\/cirnef.normandie-univ.fr\/?page_id=125","title":{"rendered":"Membres associ\u00e9\u00b7e\u00b7s"},"content":{"rendered":"\n\n\t<table width=\"748\">\n<tbody>\n<tr>\n<td><strong><a id=\"debut\"><\/a>A<\/strong><\/td>\n<td><strong>B<\/strong><\/td>\n<td><strong>C-D<\/strong><\/td>\n<\/tr>\n<tr>\n<td><a href=\"http:\/\/cirnef.normandie-univ.fr\/?page_id=4583\" target=\"_blank\" rel=\"noopener\">Karen Abou-Assi<\/a><br \/>\n<a href=\"http:\/\/cirnef.normandie-univ.fr\/?page_id=1540\">Gabriela Ahlers Vergara<\/a><br \/>\nYarba Ould Ahmed Vall<a href=\"http:\/\/cirnef.normandie-univ.fr\/?page_id=1540\"><strong><br \/>\n<\/strong><\/a><a href=\"http:\/\/cirnef.normandie-univ.fr\/?page_id=2396\">Nilda Alves<\/a><br \/>\n<a href=\"http:\/\/cirnef.normandie-univ.fr\/?page_id=1544\" target=\"_blank\" rel=\"noopener\">Messanh Amavi<\/a><br \/>\nNivea Andrade<br \/>\n<a href=\"http:\/\/cirnef.normandie-univ.fr\/?page_id=1717\">Miriam Aparicio<\/a><br \/>\n<a href=\"http:\/\/cirnef.normandie-univ.fr\/?page_id=1733\">Antonio Arroyo<\/a><br \/>\nLawrence Atilade<br \/>\n<a href=\"http:\/\/cirnef.normandie-univ.fr\/?page_id=6904\" target=\"_blank\" rel=\"noopener\">Lydia Deret Aubry<\/a><br \/>\n<a href=\"http:\/\/cirnef.normandie-univ.fr\/?page_id=4014\" target=\"_blank\" rel=\"noopener\">Laetitia Audin<\/a><\/td>\n<td>Thimoth\u00e9e Baki<br \/>\nCatherine Balais (Bailleau)<br \/>\n<a href=\"http:\/\/cirnef.normandie-univ.fr\/?page_id=2251\">Fulbert Bambe<\/a><br \/>\n<a href=\"http:\/\/cirnef.normandie-univ.fr\/?page_id=1737\">Ines Barbosa de Oliveira<\/a><br \/>\n<a href=\"http:\/\/cirnef.normandie-univ.fr\/?page_id=1827\">Fran\u00e7ois-Xavier Beuve<\/a><br \/>\nYolande Biyoudi<br \/>\n<a href=\"http:\/\/cirnef.normandie-univ.fr\/?page_id=4361\" target=\"_blank\" rel=\"noopener\">Ang\u00e9lique Blanc-Serra<\/a><br \/>\n<a href=\"http:\/\/cirnef.normandie-univ.fr\/?page_id=1747\">Jean-Yves Bodergat<\/a><br \/>\n<a href=\"http:\/\/cirnef.normandie-univ.fr\/?page_id=1752\">Marielle Boissart<\/a><br \/>\nG\u00e9rard Boudesseul<br \/>\n<a href=\"http:\/\/cirnef.normandie-univ.fr\/?page_id=1567\" target=\"_blank\" rel=\"noopener\">Julie Bourdin<\/a><br \/>\nDelphine Bri\u00e8re<br \/>\nCl\u00e9ment Bul\u00e9on<\/td>\n<td>Th\u00e9r\u00e8se Caillemet (Auzou)<br \/>\n<a href=\"http:\/\/cirnef.normandie-univ.fr\/?page_id=4162\" target=\"_blank\" rel=\"noopener\">Pierre Cajot<\/a><br \/>\n<a href=\"http:\/\/cirnef.normandie-univ.fr\/?page_id=2265\" target=\"_blank\" rel=\"noopener\">Isabelle Celeri<\/a><br \/>\nSol\u00e8ne Ch\u00e9riaux<br \/>\nJohnson Chery<br \/>\nMalika Daafouz<br \/>\n<a href=\"http:\/\/cirnef.normandie-univ.fr\/?page_id=2468\">Yawo Dots\u00e8 Dara-Ahato<\/a><br \/>\nPierre Dasi<br \/>\nGilles Delesque<br \/>\n<a href=\"http:\/\/cirnef.normandie-univ.fr\/?page_id=1592\" target=\"_blank\" rel=\"noopener\">Cyril Dheilly<\/a><br \/>\nValentin Duchemin<br \/>\n<a href=\"http:\/\/cirnef.normandie-univ.fr\/?page_id=1369\" target=\"_blank\" rel=\"noopener\">Nathalie Billard (Dupont)<\/a><\/td>\n<\/tr>\n<tr>\n<td><strong>E-G<\/strong><\/td>\n<td><strong>H-J<\/strong><\/td>\n<td><strong>K-M<\/strong><\/td>\n<\/tr>\n<tr>\n<td><a href=\"http:\/\/cirnef.normandie-univ.fr\/?page_id=4460\" target=\"_blank\" rel=\"noopener\">V\u00e9ronique Ferr\u00e9 (Vibert)<\/a><br \/>\n<a href=\"http:\/\/cirnef.normandie-univ.fr\/?page_id=1604\">Odile Fleury<\/a><br \/>\nNathaniel Focksia Docksou<br \/>\n<a href=\"http:\/\/cirnef.normandie-univ.fr\/?page_id=1614\">Carole Gassier-Bommart<\/a><br \/>\n<a href=\"http:\/\/cirnef.normandie-univ.fr\/?page_id=2378\" target=\"_blank\" rel=\"noopener\">Edwin Girard<\/a><br \/>\n<a href=\"http:\/\/cirnef.normandie-univ.fr\/?page_id=1623\" target=\"_blank\" rel=\"noopener\">Delphine Guyet<\/a><\/td>\n<td>Thi Mai Huong Ha<br \/>\nMaude Hatano-Chalvidan<br \/>\n<a href=\"http:\/\/cirnef.normandie-univ.fr\/?page_id=1388\" target=\"_blank\" rel=\"noopener\">Jean Houssaye<\/a><br \/>\nBruno Hubert<br \/>\nAnne Jaeger<br \/>\n<a href=\"http:\/\/cirnef.normandie-univ.fr\/?page_id=1626\" target=\"_blank\" rel=\"noopener\">Claire Jondeau<\/a><\/td>\n<td><a href=\"http:\/\/cirnef.normandie-univ.fr\/?page_id=4476\" target=\"_blank\" rel=\"noopener\">Philippe Kerfourn<\/a><br \/>\n<a href=\"http:\/\/cirnef.normandie-univ.fr\/?page_id=2619\" target=\"_blank\" rel=\"noopener\">Ahmed Khalifa<\/a><br \/>\nAlexandre Koffi Kouakou<br \/>\nJean-Elie Larrieux<br \/>\n<a href=\"http:\/\/cirnef.normandie-univ.fr\/?page_id=6533\" target=\"_blank\" rel=\"noopener\">Olivier Lefebvre<\/a><br \/>\nYann Le Faou<br \/>\n<a href=\"http:\/\/cirnef.normandie-univ.fr\/?page_id=5590\" target=\"_blank\" rel=\"noopener\">Cyrielle Le Her<\/a><br \/>\nMinh Tuan Le Pham<br \/>\n<a href=\"http:\/\/cirnef.normandie-univ.fr\/?page_id=5462\" target=\"_blank\" rel=\"noopener\">Margarita Lopez Mendez<\/a><br \/>\nCharl\u00e8ne Lourd<br \/>\nElisabeth Maizonnier-Payelle<\/td>\n<\/tr>\n<tr>\n<td><strong>N-R<\/strong><\/td>\n<td><strong>S-T<\/strong><\/td>\n<td><strong>U-Z<\/strong><\/td>\n<\/tr>\n<tr>\n<td>Marjan Nadjafizadeh<br \/>\n<a href=\"https:\/\/cirnef.normandie-univ.fr\/?page_id=5042\" target=\"_blank\" rel=\"noopener\">Charles Nicaud<\/a><br \/>\n<a href=\"http:\/\/cirnef.normandie-univ.fr\/?page_id=6589\" target=\"_blank\" rel=\"noopener\">Patrick Obertelli<\/a><br \/>\nJean Ondobo<br \/>\n<a href=\"http:\/\/cirnef.normandie-univ.fr\/?page_id=2400\">Maria Luiza Oswald<\/a><br \/>\n<a href=\"http:\/\/cirnef.normandie-univ.fr\/?page_id=2433\">Ali Ouedraogo<\/a><br \/>\nInnocents Ouedraogo<br \/>\n<a href=\"http:\/\/cirnef.normandie-univ.fr\/?page_id=1789\">Jane Paiva<\/a><br \/>\nJo\u00ebl Plaisimond<br \/>\nS\u00e9bastien Ponnou<br \/>\n<a href=\"http:\/\/cirnef.normandie-univ.fr\/?page_id=2623\">France Roy<\/a><br \/>\n<a href=\"http:\/\/cirnef.normandie-univ.fr\/?page_id=1802\">Anne Ruolt<\/a><\/td>\n<td><a href=\"http:\/\/cirnef.normandie-univ.fr\/?page_id=4008\" target=\"_blank\" rel=\"noopener\">Carine Sanches<\/a><br \/>\n<a href=\"http:\/\/cirnef.normandie-univ.fr\/?page_id=1653\">D\u00e9borah Saunier<\/a><br \/>\n<a href=\"http:\/\/cirnef.normandie-univ.fr\/?page_id=2292\">Krishnah Moortee Saurty<\/a><br \/>\nEnio J. Serra Dos Santos<br \/>\nElisabeth Schneider<br \/>\nAmbroise Tapsoba<br \/>\n<a href=\"http:\/\/cirnef.normandie-univ.fr\/?page_id=6632\" target=\"_blank\" rel=\"noopener\">M\u00e9lanie Tocqueville<\/a><br \/>\nJulien Toutain<br \/>\n<a href=\"http:\/\/cirnef.normandie-univ.fr\/?page_id=1455\" target=\"_blank\" rel=\"noopener\">Laurence Thouroude<\/a><br \/>\n<a href=\"http:\/\/cirnef.normandie-univ.fr\/?page_id=1811\">Laurent Tr\u00e9mel<\/a><br \/>\n<a href=\"http:\/\/cirnef.normandie-univ.fr\/?page_id=1815\">Annie Tschirhart<\/a><\/td>\n<td>Alain Vergnioux<br \/>\n<a href=\"http:\/\/cirnef.normandie-univ.fr\/?page_id=2448\" target=\"_blank\" rel=\"noopener\">Pauline Yvard<\/a><br \/>\n<a href=\"http:\/\/cirnef.normandie-univ.fr\/?page_id=1819\">Norma Zakaria<\/a><\/td>\n<\/tr>\n<\/tbody>\n<\/table>\n\n","protected":false},"excerpt":{"rendered":"<p>A B C-D Karen Abou-Assi Gabriela Ahlers Vergara Yarba Ould Ahmed Vall Nilda Alves Messanh Amavi Nivea Andrade Miriam Aparicio Antonio Arroyo Lawrence Atilade Lydia Deret Aubry Laetitia Audin Thimoth\u00e9e Baki Catherine Balais (Bailleau) Fulbert Bambe Ines Barbosa de Oliveira Fran\u00e7ois-Xavier Beuve Yolande Biyoudi Ang\u00e9lique Blanc-Serra Jean-Yves Bodergat Marielle Boissart G\u00e9rard Boudesseul Julie Bourdin Delphine &hellip;<\/p>\n<p class=\"read-more\"> <a class=\"\" href=\"https:\/\/cirnef.normandie-univ.fr\/?page_id=125\"> <span class=\"screen-reader-text\">Membres associ\u00e9\u00b7e\u00b7s<\/span> Lire la suite \u00bb<\/a><\/p>\n","protected":false},"author":1,"featured_media":0,"parent":0,"menu_order":0,"comment_status":"closed","ping_status":"closed","template":"","meta":{"site-sidebar-layout":"default","site-content-layout":"default","ast-global-header-display":"","ast-main-header-display":"","ast-hfb-above-header-display":"","ast-hfb-below-header-display":"","ast-hfb-mobile-header-display":"","site-post-title":"","ast-breadcrumbs-content":"","ast-featured-img":"","footer-sml-layout":"","theme-transparent-header-meta":"","adv-header-id-meta":"","stick-header-meta":"","header-above-stick-meta":"","header-main-stick-meta":"","header-below-stick-meta":"","footnotes":""},"coauthors":[34],"class_list":["post-125","page","type-page","status-publish","hentry"],"_links":{"self":[{"href":"https:\/\/cirnef.normandie-univ.fr\/index.php?rest_route=\/wp\/v2\/pages\/125","targetHints":{"allow":["GET"]}}],"collection":[{"href":"https:\/\/cirnef.normandie-univ.fr\/index.php?rest_route=\/wp\/v2\/pages"}],"about":[{"href":"https:\/\/cirnef.normandie-univ.fr\/index.php?rest_route=\/wp\/v2\/types\/page"}],"author":[{"embeddable":true,"href":"https:\/\/cirnef.normandie-univ.fr\/index.php?rest_route=\/wp\/v2\/users\/1"}],"replies":[{"embeddable":true,"href":"https:\/\/cirnef.normandie-univ.fr\/index.php?rest_route=%2Fwp%2Fv2%2Fcomments&post=125"}],"version-history":[{"count":5,"href":"https:\/\/cirnef.normandie-univ.fr\/index.php?rest_route=\/wp\/v2\/pages\/125\/revisions"}],"predecessor-version":[{"id":8411,"href":"https:\/\/cirnef.normandie-univ.fr\/index.php?rest_route=\/wp\/v2\/pages\/125\/revisions\/8411"}],"wp:attachment":[{"href":"https:\/\/cirnef.normandie-univ.fr\/index.php?rest_route=%2Fwp%2Fv2%2Fmedia&parent=125"}],"wp:term":[{"taxonomy":"author","embeddable":true,"href":"https:\/\/cirnef.normandie-univ.fr\/index.php?rest_route=%2Fwp%2Fv2%2Fcoauthors&post=125"}],"curies":[{"name":"wp","href":"https:\/\/api.w.org\/{rel}","templated":true}]}}